CRAN Package Check Results for Package L0Learn

Last updated on 2021-06-13 06:49:53 CEST.

Flavor Version Tinstall Tcheck Ttotal Status Flags
r-devel-linux-x86_64-debian-clang 2.0.3 264.47 134.80 399.27 OK
r-devel-linux-x86_64-debian-gcc 2.0.3 186.55 130.23 316.78 OK
r-devel-linux-x86_64-fedora-clang 2.0.3 545.95 NOTE
r-devel-linux-x86_64-fedora-gcc 2.0.3 529.96 OK
r-devel-windows-x86_64 2.0.3 223.00 223.00 446.00 OK
r-devel-windows-x86_64-gcc10-UCRT 2.0.3 OK
r-patched-linux-x86_64 2.0.3 207.34 165.71 373.05 OK
r-patched-solaris-x86 2.0.3 511.60 OK
r-release-linux-x86_64 2.0.3 213.31 161.62 374.93 OK
r-release-macos-arm64 2.0.3 NOTE
r-release-macos-x86_64 2.0.3 NOTE
r-release-windows-ix86+x86_64 2.0.3 504.00 263.00 767.00 NOTE
r-oldrel-macos-x86_64 2.0.3 NOTE
r-oldrel-windows-ix86+x86_64 2.0.3 521.00 316.00 837.00 NOTE

Check Details

Version: 2.0.3
Check: installed package size
Result: NOTE
     installed size is 17.5Mb
     sub-directories of 1Mb or more:
     doc 2.4Mb
     libs 14.9Mb
Flavors: r-devel-linux-x86_64-fedora-clang, r-release-macos-arm64, r-release-macos-x86_64, r-release-windows-ix86+x86_64, r-oldrel-macos-x86_64, r-oldrel-windows-ix86+x86_64