CRAN Package Check Results for Package LMERConvenienceFunctions

Last updated on 2024-02-24 06:50:41 CET.

Flavor Version Tinstall Tcheck Ttotal Status Flags
r-devel-linux-x86_64-debian-clang 3.0 16.91 117.10 134.01 NOTE
r-devel-linux-x86_64-debian-gcc 3.0 12.38 87.82 100.20 NOTE
r-devel-linux-x86_64-fedora-clang 3.0 171.79 NOTE
r-devel-linux-x86_64-fedora-gcc 3.0 171.45 NOTE
r-devel-windows-x86_64 3.0 13.00 98.00 111.00 OK
r-patched-linux-x86_64 3.0 13.65 113.47 127.12 OK
r-release-linux-x86_64 3.0 11.15 114.16 125.31 OK
r-release-macos-arm64 3.0 58.00 OK
r-release-macos-x86_64 3.0 93.00 OK
r-release-windows-x86_64 3.0 19.00 117.00 136.00 OK
r-oldrel-macos-arm64 3.0 54.00 OK
r-oldrel-windows-x86_64 3.0 19.00 124.00 143.00 OK

Check Details

Version: 3.0
Check: Rd files
Result: NOTE checkRd: (-1) relLik.Rd:16: Lost braces 16 | \item{AIC(x), BIC(x) }{The \code{AIC} or ]code{BIC} value of the first model object.} | ^ checkRd: (-1) relLik.Rd:17: Lost braces 17 | \item{AIC(y), BIC(y) }{The \code{AIC} or ]code{BIC} value of the second model object.} | ^ Flavors: r-devel-linux-x86_64-debian-clang, r-devel-linux-x86_64-debian-gcc, r-devel-linux-x86_64-fedora-clang, r-devel-linux-x86_64-fedora-gcc