CRAN Package Check Results for Package LOGAN

Last updated on 2022-01-21 07:52:37 CET.

Flavor Version Tinstall Tcheck Ttotal Status Flags
r-devel-linux-x86_64-debian-clang 1.0.0 OK
r-devel-linux-x86_64-debian-gcc 1.0.0 3.19 33.61 36.80 OK
r-devel-linux-x86_64-fedora-clang 1.0.0 59.35 NOTE
r-devel-linux-x86_64-fedora-gcc 1.0.0 47.04 NOTE
r-devel-windows-x86_64-new-UL 1.0.0 46.00 66.00 112.00 OK
r-devel-windows-x86_64-new-TK 1.0.0 NOTE
r-patched-linux-x86_64 1.0.0 3.63 41.34 44.97 OK
r-release-linux-x86_64 1.0.0 3.80 41.18 44.98 OK
r-release-macos-arm64 1.0.0 NOTE
r-release-macos-x86_64 1.0.0 NOTE
r-release-windows-ix86+x86_64 1.0.0 8.00 53.00 61.00 OK
r-oldrel-macos-x86_64 1.0.0 NOTE
r-oldrel-windows-ix86+x86_64 1.0.0 8.00 52.00 60.00 OK

Check Details

Version: 1.0.0
Check: dependencies in R code
Result: NOTE
    Namespace in Imports field not imported from: ‘modules’
     All declared Imports should be used.
Flavors: r-devel-linux-x86_64-fedora-clang, r-devel-linux-x86_64-fedora-gcc, r-devel-windows-x86_64-new-TK, r-release-macos-arm64, r-release-macos-x86_64, r-oldrel-macos-x86_64