CRAN Package Check Results for Package LOST

Last updated on 2024-02-29 06:54:12 CET.

Flavor Version Tinstall Tcheck Ttotal Status Flags
r-devel-linux-x86_64-debian-clang 2.0.2 17.04 129.43 146.47 NOTE
r-devel-linux-x86_64-debian-gcc 2.0.2 12.52 95.28 107.80 NOTE
r-devel-linux-x86_64-fedora-clang 2.0.2 176.54 NOTE
r-devel-linux-x86_64-fedora-gcc 2.0.2 178.55 NOTE
r-devel-windows-x86_64 2.0.2 13.00 104.00 117.00 OK
r-patched-linux-x86_64 2.0.2 11.06 126.19 137.25 OK
r-release-linux-x86_64 2.0.2 9.99 123.87 133.86 OK
r-release-macos-arm64 2.0.2 52.00 OK
r-release-macos-x86_64 2.0.2 85.00 OK
r-release-windows-x86_64 2.0.2 17.00 129.00 146.00 OK
r-oldrel-macos-arm64 2.0.2 50.00 OK
r-oldrel-windows-x86_64 2.0.2 19.00 129.00 148.00 OK

Check Details

Version: 2.0.2
Check: Rd files
Result: NOTE checkRd: (-1) complete.specimens.Rd:34: Lost braces 34 | \code{\link{align.missing}},code{\link{MissingGeoMorph}} | ^ checkRd: (-1) missing.specimens.Rd:37: Lost braces 37 | \code{\link{align.missing}}, \{code{\link{MissingGeoMorph}} | ^ Flavors: r-devel-linux-x86_64-debian-clang, r-devel-linux-x86_64-debian-gcc, r-devel-linux-x86_64-fedora-clang, r-devel-linux-x86_64-fedora-gcc