Last updated on 2021-01-16 06:51:12 CET.
Flavor | Version | Tinstall | Tcheck | Ttotal | Status | Flags |
---|---|---|---|---|---|---|
r-devel-linux-x86_64-debian-clang | 2.0.2 | 6.44 | 67.52 | 73.96 | OK | |
r-devel-linux-x86_64-debian-gcc | 2.0.2 | 6.19 | 53.46 | 59.65 | OK | |
r-devel-linux-x86_64-fedora-clang | 2.0.2 | 105.55 | OK | |||
r-devel-linux-x86_64-fedora-gcc | 2.0.2 | 93.35 | OK | |||
r-devel-windows-ix86+x86_64 | 2.0.2 | 13.00 | 67.00 | 80.00 | OK | |
r-patched-linux-x86_64 | 2.0.2 | 7.90 | 63.94 | 71.84 | OK | |
r-patched-solaris-x86 | 2.0.2 | 125.20 | OK | |||
r-release-linux-x86_64 | 2.0.2 | 7.77 | 63.70 | 71.47 | OK | |
r-release-macos-x86_64 | 2.0.2 | OK | ||||
r-release-windows-ix86+x86_64 | 2.0.2 | 15.00 | 73.00 | 88.00 | OK | |
r-oldrel-macos-x86_64 | 2.0.2 | WARN | ||||
r-oldrel-windows-ix86+x86_64 | 2.0.2 | 18.00 | 87.00 | 105.00 | OK |
Version: 2.0.2
Check: whether package can be installed
Result: WARN
Found the following significant warnings:
Warning: 'rgl.init' failed, running with 'rgl.useNULL = TRUE'.
Flavor: r-oldrel-macos-x86_64