CRAN Package Check Results for Package LZeroSpikeInference

Last updated on 2022-01-26 06:50:19 CET.

Flavor Version Tinstall Tcheck Ttotal Status Flags
r-devel-linux-x86_64-debian-clang 1.0.3 2.02 34.98 37.00 NOTE
r-devel-linux-x86_64-debian-gcc 1.0.3 1.72 27.10 28.82 NOTE
r-devel-linux-x86_64-fedora-clang 1.0.3 47.22 NOTE
r-devel-linux-x86_64-fedora-gcc 1.0.3 35.79 NOTE
r-devel-windows-x86_64-new-UL 1.0.3 193.00 51.00 244.00 NOTE
r-devel-windows-x86_64-new-TK 1.0.3 NOTE
r-patched-linux-x86_64 1.0.3 2.74 34.23 36.97 NOTE
r-release-linux-x86_64 1.0.3 2.51 34.24 36.75 NOTE
r-release-macos-arm64 1.0.3 NOTE
r-release-macos-x86_64 1.0.3 NOTE
r-release-windows-ix86+x86_64 1.0.3 5.00 42.00 47.00 NOTE
r-oldrel-macos-x86_64 1.0.3 OK
r-oldrel-windows-ix86+x86_64 1.0.3 5.00 42.00 47.00 OK

Check Details

Version: 1.0.3
Check: LazyData
Result: NOTE
     'LazyData' is specified without a 'data' directory
Flavors: r-devel-linux-x86_64-debian-clang, r-devel-linux-x86_64-debian-gcc, r-devel-linux-x86_64-fedora-clang, r-devel-linux-x86_64-fedora-gcc, r-devel-windows-x86_64-new-UL, r-devel-windows-x86_64-new-TK, r-patched-linux-x86_64, r-release-linux-x86_64, r-release-macos-arm64, r-release-macos-x86_64, r-release-windows-ix86+x86_64