CRAN Package Check Results for Package LaplacesDemon

Last updated on 2021-01-20 06:46:49 CET.

Flavor Version Tinstall Tcheck Ttotal Status Flags
r-devel-linux-x86_64-debian-clang 16.1.4 47.81 288.12 335.93 OK
r-devel-linux-x86_64-debian-gcc 16.1.4 39.47 214.39 253.86 OK
r-devel-linux-x86_64-fedora-clang 16.1.4 437.04 NOTE
r-devel-linux-x86_64-fedora-gcc 16.1.4 410.73 OK
r-devel-windows-ix86+x86_64 16.1.4 59.00 253.00 312.00 NOTE
r-patched-linux-x86_64 16.1.4 44.19 266.27 310.46 OK
r-patched-solaris-x86 16.1.4 432.20 NOTE
r-release-linux-x86_64 16.1.4 42.99 269.03 312.02 WARN
r-release-macos-x86_64 16.1.4 NOTE
r-release-windows-ix86+x86_64 16.1.4 73.00 267.00 340.00 NOTE
r-oldrel-macos-x86_64 16.1.4 NOTE
r-oldrel-windows-ix86+x86_64 16.1.4 50.00 215.00 265.00 NOTE

Check Details

Version: 16.1.4
Check: installed package size
Result: NOTE
     installed size is 5.2Mb
     sub-directories of 1Mb or more:
     R 1.5Mb
     doc 2.0Mb
     help 1.1Mb
Flavors: r-devel-linux-x86_64-fedora-clang, r-devel-windows-ix86+x86_64, r-patched-solaris-x86, r-release-macos-x86_64, r-release-windows-ix86+x86_64, r-oldrel-macos-x86_64, r-oldrel-windows-ix86+x86_64

Version: 16.1.4
Check: re-building of vignette outputs
Result: WARN
    Error(s) in re-building vignettes:
     ...
    --- re-building ‘BayesianInference.Stex’ using Sweave
    --- finished re-building ‘BayesianInference.Stex’
    
    --- re-building ‘Examples.Stex’ using Sweave
    --- finished re-building ‘Examples.Stex’
    
    --- re-building ‘LaplacesDemonTutorial.Stex’ using Sweave
    Bayesian Predictive Information Criterion:
     Dbar pD BPIC
     84.319 168.304 420.927
    Concordance: 0.9487179
    Discrepancy Statistic: 0
    L-criterion: 88.713, S.L: 0.922
    Records:
     y Mean SD LB Median UB PQ Discrep
    1 4.174387 4.104 1.595 2.568 4.120 5.730 0.486 NA
    2 5.361292 5.025 1.828 3.421 4.973 6.505 0.311 NA
    3 6.089045 6.099 1.261 4.358 6.063 7.736 0.485 NA
    4 5.298317 4.831 1.183 3.279 4.822 6.464 0.271 NA
    5 4.406719 5.117 2.253 3.614 5.020 6.578 0.778 NA
    6 2.197225 3.658 1.768 2.173 3.663 5.317 0.972 NA
    7 5.010635 4.655 2.144 3.106 4.580 6.052 0.268 NA
    8 1.609438 3.578 2.510 1.966 3.486 5.087 0.991 NA
    9 4.343805 4.736 1.682 3.160 4.674 6.206 0.673 NA
    10 4.812184 3.810 1.214 2.319 3.835 5.232 0.098 NA
    11 4.189655 3.683 1.841 2.192 3.627 5.301 0.241 NA
    12 4.919981 4.363 3.406 2.899 4.491 5.936 0.262 NA
    13 4.753590 4.601 3.345 2.867 4.467 6.105 0.360 NA
    14 4.127134 4.361 1.328 2.852 4.314 5.843 0.608 NA
    15 3.713572 3.403 2.189 1.899 3.393 5.078 0.337 NA
    16 4.672829 4.584 0.854 3.111 4.558 6.076 0.456 NA
    17 6.930495 7.000 3.234 5.291 6.920 8.436 0.496 NA
    18 5.068904 4.188 1.881 2.612 4.071 5.652 0.094 NA
    19 6.775366 6.885 2.668 5.326 6.787 8.266 0.503 NA
    20 6.553933 6.470 2.841 5.068 6.535 8.056 0.485 NA
    21 4.890349 4.477 1.147 3.012 4.514 6.008 0.281 NA
    22 4.442651 4.605 1.254 3.077 4.563 6.043 0.565 NA
    23 2.833213 4.578 1.416 3.017 4.523 6.010 0.983 NA
    24 4.787492 4.317 3.857 2.821 4.358 5.925 0.276 NA
    25 6.933423 6.272 4.041 4.897 6.397 7.946 0.227 NA
    26 6.180017 5.600 1.394 4.141 5.585 7.273 0.229 NA
    27 5.652489 5.578 1.076 4.037 5.552 7.030 0.446 NA
    28 5.429346 5.399 1.503 3.911 5.332 6.961 0.449 NA
    29 5.634790 6.321 3.067 4.687 6.275 7.920 0.796 NA
    30 4.262680 4.167 2.067 2.562 4.145 5.630 0.432 NA
    31 3.891820 4.433 3.244 2.913 4.510 6.020 0.796 NA
    32 6.613384 6.539 1.138 4.998 6.533 8.064 0.466 NA
    33 4.919981 4.532 2.555 2.986 4.533 6.136 0.283 NA
    34 6.541030 6.729 3.346 5.014 6.608 8.136 0.529 NA
    35 6.345636 6.566 2.757 5.003 6.440 8.040 0.551 NA
    36 3.737670 4.747 1.699 3.262 4.770 6.355 0.905 NA
    37 7.356280 7.679 1.971 5.948 7.661 9.333 0.633 NA
    38 5.739793 5.840 1.753 4.258 5.800 7.235 0.543 NA
    39 5.517453 4.306 4.417 2.842 4.415 5.869 0.068 NA
    Bayesian Predictive Information Criterion:
     Dbar pD BPIC
     84.319 168.304 420.927
    Concordance: 0.9487179
    Discrepancy Statistic: 0
    L-criterion: 88.713, S.L: 0.922
    Records:
     y Mean SD LB Median UB PQ Discrep
    1 4.174387 4.104 1.595 2.568 4.120 5.730 0.486 NA
    2 5.361292 5.025 1.828 3.421 4.973 6.505 0.311 NA
    3 6.089045 6.099 1.261 4.358 6.063 7.736 0.485 NA
    4 5.298317 4.831 1.183 3.279 4.822 6.464 0.271 NA
    5 4.406719 5.117 2.253 3.614 5.020 6.578 0.778 NA
    6 2.197225 3.658 1.768 2.173 3.663 5.317 0.972 NA
    7 5.010635 4.655 2.144 3.106 4.580 6.052 0.268 NA
    8 1.609438 3.578 2.510 1.966 3.486 5.087 0.991 NA
    9 4.343805 4.736 1.682 3.160 4.674 6.206 0.673 NA
    10 4.812184 3.810 1.214 2.319 3.835 5.232 0.098 NA
    11 4.189655 3.683 1.841 2.192 3.627 5.301 0.241 NA
    12 4.919981 4.363 3.406 2.899 4.491 5.936 0.262 NA
    13 4.753590 4.601 3.345 2.867 4.467 6.105 0.360 NA
    14 4.127134 4.361 1.328 2.852 4.314 5.843 0.608 NA
    15 3.713572 3.403 2.189 1.899 3.393 5.078 0.337 NA
    16 4.672829 4.584 0.854 3.111 4.558 6.076 0.456 NA
    17 6.930495 7.000 3.234 5.291 6.920 8.436 0.496 NA
    18 5.068904 4.188 1.881 2.612 4.071 5.652 0.094 NA
    19 6.775366 6.885 2.668 5.326 6.787 8.266 0.503 NA
    20 6.553933 6.470 2.841 5.068 6.535 8.056 0.485 NA
    21 4.890349 4.477 1.147 3.012 4.514 6.008 0.281 NA
    22 4.442651 4.605 1.254 3.077 4.563 6.043 0.565 NA
    23 2.833213 4.578 1.416 3.017 4.523 6.010 0.983 NA
    24 4.787492 4.317 3.857 2.821 4.358 5.925 0.276 NA
    25 6.933423 6.272 4.041 4.897 6.397 7.946 0.227 NA
    26 6.180017 5.600 1.394 4.141 5.585 7.273 0.229 NA
    27 5.652489 5.578 1.076 4.037 5.552 7.030 0.446 NA
    28 5.429346 5.399 1.503 3.911 5.332 6.961 0.449 NA
    29 5.634790 6.321 3.067 4.687 6.275 7.920 0.796 NA
    30 4.262680 4.167 2.067 2.562 4.145 5.630 0.432 NA
    31 3.891820 4.433 3.244 2.913 4.510 6.020 0.796 NA
    32 6.613384 6.539 1.138 4.998 6.533 8.064 0.466 NA
    33 4.919981 4.532 2.555 2.986 4.533 6.136 0.283 NA
    34 6.541030 6.729 3.346 5.014 6.608 8.136 0.529 NA
    35 6.345636 6.566 2.757 5.003 6.440 8.040 0.551 NA
    36 3.737670 4.747 1.699 3.262 4.770 6.355 0.905 NA
    37 7.356280 7.679 1.971 5.948 7.661 9.333 0.633 NA
    38 5.739793 5.840 1.753 4.258 5.800 7.235 0.543 NA
    39 5.517453 4.306 4.417 2.842 4.415 5.869 0.068 NA
    Bayesian Predictive Information Criterion:
     Dbar pD BPIC
     84.319 168.304 420.927
    Concordance: 0.9487179
    Discrepancy Statistic: 0
    L-criterion: 88.713, S.L: 0.922
    Records:
     y Mean SD LB Median UB PQ Discrep
    1 4.174387 4.104 1.595 2.568 4.120 5.730 0.486 NA
    2 5.361292 5.025 1.828 3.421 4.973 6.505 0.311 NA
    3 6.089045 6.099 1.261 4.358 6.063 7.736 0.485 NA
    4 5.298317 4.831 1.183 3.279 4.822 6.464 0.271 NA
    5 4.406719 5.117 2.253 3.614 5.020 6.578 0.778 NA
    6 2.197225 3.658 1.768 2.173 3.663 5.317 0.972 NA
    7 5.010635 4.655 2.144 3.106 4.580 6.052 0.268 NA
    8 1.609438 3.578 2.510 1.966 3.486 5.087 0.991 NA
    9 4.343805 4.736 1.682 3.160 4.674 6.206 0.673 NA
    10 4.812184 3.810 1.214 2.319 3.835 5.232 0.098 NA
    11 4.189655 3.683 1.841 2.192 3.627 5.301 0.241 NA
    12 4.919981 4.363 3.406 2.899 4.491 5.936 0.262 NA
    13 4.753590 4.601 3.345 2.867 4.467 6.105 0.360 NA
    14 4.127134 4.361 1.328 2.852 4.314 5.843 0.608 NA
    15 3.713572 3.403 2.189 1.899 3.393 5.078 0.337 NA
    16 4.672829 4.584 0.854 3.111 4.558 6.076 0.456 NA
    17 6.930495 7.000 3.234 5.291 6.920 8.436 0.496 NA
    18 5.068904 4.188 1.881 2.612 4.071 5.652 0.094 NA
    19 6.775366 6.885 2.668 5.326 6.787 8.266 0.503 NA
    20 6.553933 6.470 2.841 5.068 6.535 8.056 0.485 NA
    21 4.890349 4.477 1.147 3.012 4.514 6.008 0.281 NA
    22 4.442651 4.605 1.254 3.077 4.563 6.043 0.565 NA
    23 2.833213 4.578 1.416 3.017 4.523 6.010 0.983 NA
    24 4.787492 4.317 3.857 2.821 4.358 5.925 0.276 NA
    25 6.933423 6.272 4.041 4.897 6.397 7.946 0.227 NA
    26 6.180017 5.600 1.394 4.141 5.585 7.273 0.229 NA
    27 5.652489 5.578 1.076 4.037 5.552 7.030 0.446 NA
    28 5.429346 5.399 1.503 3.911 5.332 6.961 0.449 NA
    29 5.634790 6.321 3.067 4.687 6.275 7.920 0.796 NA
    30 4.262680 4.167 2.067 2.562 4.145 5.630 0.432 NA
    31 3.891820 4.433 3.244 2.913 4.510 6.020 0.796 NA
    32 6.613384 6.539 1.138 4.998 6.533 8.064 0.466 NA
    33 4.919981 4.532 2.555 2.986 4.533 6.136 0.283 NA
    34 6.541030 6.729 3.346 5.014 6.608 8.136 0.529 NA
    35 6.345636 6.566 2.757 5.003 6.440 8.040 0.551 NA
    36 3.737670 4.747 1.699 3.262 4.770 6.355 0.905 NA
    37 7.356280 7.679 1.971 5.948 7.661 9.333 0.633 NA
    38 5.739793 5.840 1.753 4.258 5.800 7.235 0.543 NA
    39 5.517453 4.306 4.417 2.842 4.415 5.869 0.068 NA
    Bayesian Predictive Information Criterion:
     Dbar pD BPIC
     84.319 168.304 420.927
    Concordance: 0.9487179
    Discrepancy Statistic: 0
    L-criterion: 88.713, S.L: 0.922
    Records:
     y Mean SD LB Median UB PQ Discrep
    1 4.174387 4.104 1.595 2.568 4.120 5.730 0.486 NA
    2 5.361292 5.025 1.828 3.421 4.973 6.505 0.311 NA
    3 6.089045 6.099 1.261 4.358 6.063 7.736 0.485 NA
    4 5.298317 4.831 1.183 3.279 4.822 6.464 0.271 NA
    5 4.406719 5.117 2.253 3.614 5.020 6.578 0.778 NA
    6 2.197225 3.658 1.768 2.173 3.663 5.317 0.972 NA
    7 5.010635 4.655 2.144 3.106 4.580 6.052 0.268 NA
    8 1.609438 3.578 2.510 1.966 3.486 5.087 0.991 NA
    9 4.343805 4.736 1.682 3.160 4.674 6.206 0.673 NA
    10 4.812184 3.810 1.214 2.319 3.835 5.232 0.098 NA
    11 4.189655 3.683 1.841 2.192 3.627 5.301 0.241 NA
    12 4.919981 4.363 3.406 2.899 4.491 5.936 0.262 NA
    13 4.753590 4.601 3.345 2.867 4.467 6.105 0.360 NA
    14 4.127134 4.361 1.328 2.852 4.314 5.843 0.608 NA
    15 3.713572 3.403 2.189 1.899 3.393 5.078 0.337 NA
    16 4.672829 4.584 0.854 3.111 4.558 6.076 0.456 NA
    17 6.930495 7.000 3.234 5.291 6.920 8.436 0.496 NA
    18 5.068904 4.188 1.881 2.612 4.071 5.652 0.094 NA
    19 6.775366 6.885 2.668 5.326 6.787 8.266 0.503 NA
    20 6.553933 6.470 2.841 5.068 6.535 8.056 0.485 NA
    21 4.890349 4.477 1.147 3.012 4.514 6.008 0.281 NA
    22 4.442651 4.605 1.254 3.077 4.563 6.043 0.565 NA
    23 2.833213 4.578 1.416 3.017 4.523 6.010 0.983 NA
    24 4.787492 4.317 3.857 2.821 4.358 5.925 0.276 NA
    25 6.933423 6.272 4.041 4.897 6.397 7.946 0.227 NA
    26 6.180017 5.600 1.394 4.141 5.585 7.273 0.229 NA
    27 5.652489 5.578 1.076 4.037 5.552 7.030 0.446 NA
    28 5.429346 5.399 1.503 3.911 5.332 6.961 0.449 NA
    29 5.634790 6.321 3.067 4.687 6.275 7.920 0.796 NA
    30 4.262680 4.167 2.067 2.562 4.145 5.630 0.432 NA
    31 3.891820 4.433 3.244 2.913 4.510 6.020 0.796 NA
    32 6.613384 6.539 1.138 4.998 6.533 8.064 0.466 NA
    33 4.919981 4.532 2.555 2.986 4.533 6.136 0.283 NA
    34 6.541030 6.729 3.346 5.014 6.608 8.136 0.529 NA
    35 6.345636 6.566 2.757 5.003 6.440 8.040 0.551 NA
    36 3.737670 4.747 1.699 3.262 4.770 6.355 0.905 NA
    37 7.356280 7.679 1.971 5.948 7.661 9.333 0.633 NA
    38 5.739793 5.840 1.753 4.258 5.800 7.235 0.543 NA
    39 5.517453 4.306 4.417 2.842 4.415 5.869 0.068 NA
    Bayesian Predictive Information Criterion:
     Dbar pD BPIC
     84.319 168.304 420.927
    Concordance: 0.9487179
    Discrepancy Statistic: 0
    L-criterion: 88.713, S.L: 0.922
    Records:
     y Mean SD LB Median UB PQ Discrep
    1 4.174387 4.104 1.595 2.568 4.120 5.730 0.486 NA
    2 5.361292 5.025 1.828 3.421 4.973 6.505 0.311 NA
    3 6.089045 6.099 1.261 4.358 6.063 7.736 0.485 NA
    4 5.298317 4.831 1.183 3.279 4.822 6.464 0.271 NA
    5 4.406719 5.117 2.253 3.614 5.020 6.578 0.778 NA
    6 2.197225 3.658 1.768 2.173 3.663 5.317 0.972 NA
    7 5.010635 4.655 2.144 3.106 4.580 6.052 0.268 NA
    8 1.609438 3.578 2.510 1.966 3.486 5.087 0.991 NA
    9 4.343805 4.736 1.682 3.160 4.674 6.206 0.673 NA
    10 4.812184 3.810 1.214 2.319 3.835 5.232 0.098 NA
    11 4.189655 3.683 1.841 2.192 3.627 5.301 0.241 NA
    12 4.919981 4.363 3.406 2.899 4.491 5.936 0.262 NA
    13 4.753590 4.601 3.345 2.867 4.467 6.105 0.360 NA
    14 4.127134 4.361 1.328 2.852 4.314 5.843 0.608 NA
    15 3.713572 3.403 2.189 1.899 3.393 5.078 0.337 NA
    16 4.672829 4.584 0.854 3.111 4.558 6.076 0.456 NA
    17 6.930495 7.000 3.234 5.291 6.920 8.436 0.496 NA
    18 5.068904 4.188 1.881 2.612 4.071 5.652 0.094 NA
    19 6.775366 6.885 2.668 5.326 6.787 8.266 0.503 NA
    20 6.553933 6.470 2.841 5.068 6.535 8.056 0.485 NA
    21 4.890349 4.477 1.147 3.012 4.514 6.008 0.281 NA
    22 4.442651 4.605 1.254 3.077 4.563 6.043 0.565 NA
    23 2.833213 4.578 1.416 3.017 4.523 6.010 0.983 NA
    24 4.787492 4.317 3.857 2.821 4.358 5.925 0.276 NA
    25 6.933423 6.272 4.041 4.897 6.397 7.946 0.227 NA
    26 6.180017 5.600 1.394 4.141 5.585 7.273 0.229 NA
    27 5.652489 5.578 1.076 4.037 5.552 7.030 0.446 NA
    28 5.429346 5.399 1.503 3.911 5.332 6.961 0.449 NA
    29 5.634790 6.321 3.067 4.687 6.275 7.920 0.796 NA
    30 4.262680 4.167 2.067 2.562 4.145 5.630 0.432 NA
    31 3.891820 4.433 3.244 2.913 4.510 6.020 0.796 NA
    32 6.613384 6.539 1.138 4.998 6.533 8.064 0.466 NA
    33 4.919981 4.532 2.555 2.986 4.533 6.136 0.283 NA
    34 6.541030 6.729 3.346 5.014 6.608 8.136 0.529 NA
    35 6.345636 6.566 2.757 5.003 6.440 8.040 0.551 NA
    36 3.737670 4.747 1.699 3.262 4.770 6.355 0.905 NA
    37 7.356280 7.679 1.971 5.948 7.661 9.333 0.633 NA
    38 5.739793 5.840 1.753 4.258 5.800 7.235 0.543 NA
    39 5.517453 4.306 4.417 2.842 4.415 5.869 0.068 NA
    Bayesian Predictive Information Criterion:
     Dbar pD BPIC
     84.319 168.304 420.927
    Concordance: 0.9487179
    Discrepancy Statistic: 0
    L-criterion: 88.713, S.L: 0.922
    Records:
     y Mean SD LB Median UB PQ Discrep
    1 4.174387 4.104 1.595 2.568 4.120 5.730 0.486 NA
    2 5.361292 5.025 1.828 3.421 4.973 6.505 0.311 NA
    3 6.089045 6.099 1.261 4.358 6.063 7.736 0.485 NA
    4 5.298317 4.831 1.183 3.279 4.822 6.464 0.271 NA
    5 4.406719 5.117 2.253 3.614 5.020 6.578 0.778 NA
    6 2.197225 3.658 1.768 2.173 3.663 5.317 0.972 NA
    7 5.010635 4.655 2.144 3.106 4.580 6.052 0.268 NA
    8 1.609438 3.578 2.510 1.966 3.486 5.087 0.991 NA
    9 4.343805 4.736 1.682 3.160 4.674 6.206 0.673 NA
    10 4.812184 3.810 1.214 2.319 3.835 5.232 0.098 NA
    11 4.189655 3.683 1.841 2.192 3.627 5.301 0.241 NA
    12 4.919981 4.363 3.406 2.899 4.491 5.936 0.262 NA
    13 4.753590 4.601 3.345 2.867 4.467 6.105 0.360 NA
    14 4.127134 4.361 1.328 2.852 4.314 5.843 0.608 NA
    15 3.713572 3.403 2.189 1.899 3.393 5.078 0.337 NA
    16 4.672829 4.584 0.854 3.111 4.558 6.076 0.456 NA
    17 6.930495 7.000 3.234 5.291 6.920 8.436 0.496 NA
    18 5.068904 4.188 1.881 2.612 4.071 5.652 0.094 NA
    19 6.775366 6.885 2.668 5.326 6.787 8.266 0.503 NA
    20 6.553933 6.470 2.841 5.068 6.535 8.056 0.485 NA
    21 4.890349 4.477 1.147 3.012 4.514 6.008 0.281 NA
    22 4.442651 4.605 1.254 3.077 4.563 6.043 0.565 NA
    23 2.833213 4.578 1.416 3.017 4.523 6.010 0.983 NA
    24 4.787492 4.317 3.857 2.821 4.358 5.925 0.276 NA
    25 6.933423 6.272 4.041 4.897 6.397 7.946 0.227 NA
    26 6.180017 5.600 1.394 4.141 5.585 7.273 0.229 NA
    27 5.652489 5.578 1.076 4.037 5.552 7.030 0.446 NA
    28 5.429346 5.399 1.503 3.911 5.332 6.961 0.449 NA
    29 5.634790 6.321 3.067 4.687 6.275 7.920 0.796 NA
    30 4.262680 4.167 2.067 2.562 4.145 5.630 0.432 NA
    31 3.891820 4.433 3.244 2.913 4.510 6.020 0.796 NA
    32 6.613384 6.539 1.138 4.998 6.533 8.064 0.466 NA
    33 4.919981 4.532 2.555 2.986 4.533 6.136 0.283 NA
    34 6.541030 6.729 3.346 5.014 6.608 8.136 0.529 NA
    35 6.345636 6.566 2.757 5.003 6.440 8.040 0.551 NA
    36 3.737670 4.747 1.699 3.262 4.770 6.355 0.905 NA
    37 7.356280 7.679 1.971 5.948 7.661 9.333 0.633 NA
    38 5.739793 5.840 1.753 4.258 5.800 7.235 0.543 NA
    39 5.517453 4.306 4.417 2.842 4.415 5.869 0.068 NA
    Bayesian Predictive Information Criterion:
     Dbar pD BPIC
     84.319 168.304 420.927
    Concordance: 0.9487179
    Discrepancy Statistic: 0
    L-criterion: 88.713, S.L: 0.922
    Records:
     y Mean SD LB Median UB PQ Discrep
    1 4.174387 4.104 1.595 2.568 4.120 5.730 0.486 NA
    2 5.361292 5.025 1.828 3.421 4.973 6.505 0.311 NA
    3 6.089045 6.099 1.261 4.358 6.063 7.736 0.485 NA
    4 5.298317 4.831 1.183 3.279 4.822 6.464 0.271 NA
    5 4.406719 5.117 2.253 3.614 5.020 6.578 0.778 NA
    6 2.197225 3.658 1.768 2.173 3.663 5.317 0.972 NA
    7 5.010635 4.655 2.144 3.106 4.580 6.052 0.268 NA
    8 1.609438 3.578 2.510 1.966 3.486 5.087 0.991 NA
    9 4.343805 4.736 1.682 3.160 4.674 6.206 0.673 NA
    10 4.812184 3.810 1.214 2.319 3.835 5.232 0.098 NA
    11 4.189655 3.683 1.841 2.192 3.627 5.301 0.241 NA
    12 4.919981 4.363 3.406 2.899 4.491 5.936 0.262 NA
    13 4.753590 4.601 3.345 2.867 4.467 6.105 0.360 NA
    14 4.127134 4.361 1.328 2.852 4.314 5.843 0.608 NA
    15 3.713572 3.403 2.189 1.899 3.393 5.078 0.337 NA
    16 4.672829 4.584 0.854 3.111 4.558 6.076 0.456 NA
    17 6.930495 7.000 3.234 5.291 6.920 8.436 0.496 NA
    18 5.068904 4.188 1.881 2.612 4.071 5.652 0.094 NA
    19 6.775366 6.885 2.668 5.326 6.787 8.266 0.503 NA
    20 6.553933 6.470 2.841 5.068 6.535 8.056 0.485 NA
    21 4.890349 4.477 1.147 3.012 4.514 6.008 0.281 NA
    22 4.442651 4.605 1.254 3.077 4.563 6.043 0.565 NA
    23 2.833213 4.578 1.416 3.017 4.523 6.010 0.983 NA
    24 4.787492 4.317 3.857 2.821 4.358 5.925 0.276 NA
    25 6.933423 6.272 4.041 4.897 6.397 7.946 0.227 NA
    26 6.180017 5.600 1.394 4.141 5.585 7.273 0.229 NA
    27 5.652489 5.578 1.076 4.037 5.552 7.030 0.446 NA
    28 5.429346 5.399 1.503 3.911 5.332 6.961 0.449 NA
    29 5.634790 6.321 3.067 4.687 6.275 7.920 0.796 NA
    30 4.262680 4.167 2.067 2.562 4.145 5.630 0.432 NA
    31 3.891820 4.433 3.244 2.913 4.510 6.020 0.796 NA
    32 6.613384 6.539 1.138 4.998 6.533 8.064 0.466 NA
    33 4.919981 4.532 2.555 2.986 4.533 6.136 0.283 NA
    34 6.541030 6.729 3.346 5.014 6.608 8.136 0.529 NA
    35 6.345636 6.566 2.757 5.003 6.440 8.040 0.551 NA
    36 3.737670 4.747 1.699 3.262 4.770 6.355 0.905 NA
    37 7.356280 7.679 1.971 5.948 7.661 9.333 0.633 NA
    38 5.739793 5.840 1.753 4.258 5.800 7.235 0.543 NA
    39 5.517453 4.306 4.417 2.842 4.415 5.869 0.068 NA
    Error: processing vignette 'LaplacesDemonTutorial.Stex' failed with diagnostics:
    Running ‘texi2dvi’ on ‘LaplacesDemonTutorial.tex’ failed.
    LaTeX errors:
    ! Undefined control sequence.
    \hyper@linkurl ...tionraw >>}\relax \Hy@colorlink
     \@urlcolor #1\Hy@xspace@en...
    l.42 \begin{document}
    
    ! Undefined control sequence.
    \close@pdflink ->\Hy@endcolorlink
     \Hy@VerboseLinkStop \pdfendlink
    l.42 \begin{document}
    
    --- failed re-building ‘LaplacesDemonTutorial.Stex’
    
    SUMMARY: processing the following file failed:
     ‘LaplacesDemonTutorial.Stex’
    
    Error: Vignette re-building failed.
    Execution halted
Flavor: r-release-linux-x86_64