CRAN Package Check Results for Package LiblineaR

Last updated on 2022-07-06 06:52:54 CEST.

Flavor Version Tinstall Tcheck Ttotal Status Flags
r-devel-linux-x86_64-debian-clang 2.10-12 6.49 41.85 48.34 OK
r-devel-linux-x86_64-debian-gcc 2.10-12 5.19 33.62 38.81 OK
r-devel-linux-x86_64-fedora-clang 2.10-12 74.83 NOTE
r-devel-linux-x86_64-fedora-gcc 2.10-12 76.74 NOTE
r-devel-windows-x86_64 2.10-12 15.00 78.00 93.00 OK
r-patched-linux-x86_64 2.10-12 5.87 42.96 48.83 OK
r-release-linux-x86_64 2.10-12 5.84 43.65 49.49 OK
r-release-macos-arm64 2.10-12 30.00 OK
r-release-macos-x86_64 2.10-12 39.00 OK
r-release-windows-x86_64 2.10-12 15.00 79.00 94.00 OK
r-oldrel-macos-arm64 2.10-12 28.00 OK
r-oldrel-macos-x86_64 2.10-12 57.00 OK
r-oldrel-windows-ix86+x86_64 2.10-12 17.00 94.00 111.00 OK

Check Details

Version: 2.10-12
Check: compiled code
Result: NOTE
    File ‘LiblineaR/libs/LiblineaR.so’:
     Found no calls to: ‘R_registerRoutines’, ‘R_useDynamicSymbols’
    
    It is good practice to register native routines and to disable symbol
    search.
    
    See ‘Writing portable packages’ in the ‘Writing R Extensions’ manual.
Flavors: r-devel-linux-x86_64-fedora-clang, r-devel-linux-x86_64-fedora-gcc