Last updated on 2022-06-26 06:50:40 CEST.
Flavor | Version | Tinstall | Tcheck | Ttotal | Status | Flags |
---|---|---|---|---|---|---|
r-devel-linux-x86_64-debian-clang | 1.1.0 | 5.62 | 58.45 | 64.07 | OK | |
r-devel-linux-x86_64-debian-gcc | 1.1.0 | 4.71 | 44.44 | 49.15 | OK | |
r-devel-linux-x86_64-fedora-clang | 1.1.0 | 97.22 | NOTE | |||
r-devel-linux-x86_64-fedora-gcc | 1.1.0 | 91.58 | OK | |||
r-devel-windows-x86_64 | 1.1.0 | 45.00 | 94.00 | 139.00 | OK | |
r-patched-linux-x86_64 | 1.1.0 | 5.32 | 57.56 | 62.88 | OK | |
r-release-linux-x86_64 | 1.1.0 | 6.28 | 58.22 | 64.50 | OK | |
r-release-macos-arm64 | 1.1.0 | 25.00 | OK | |||
r-release-macos-x86_64 | 1.1.0 | 37.00 | OK | |||
r-release-windows-x86_64 | 1.1.0 | 34.00 | 93.00 | 127.00 | OK | |
r-oldrel-macos-arm64 | 1.1.0 | 29.00 | OK | |||
r-oldrel-macos-x86_64 | 1.1.0 | 57.00 | OK | |||
r-oldrel-windows-ix86+x86_64 | 1.1.0 | 13.00 | 84.00 | 97.00 | OK |
Version: 1.1.0
Check: Rd cross-references
Result: NOTE
Undeclared package ‘actuar’ in Rd xrefs
Flavor: r-devel-linux-x86_64-fedora-clang