Last updated on 2022-05-18 06:50:45 CEST.
Flavor | Version | Tinstall | Tcheck | Ttotal | Status | Flags |
---|---|---|---|---|---|---|
r-devel-linux-x86_64-debian-clang | 1.6-5 | 21.64 | 105.21 | 126.85 | OK | |
r-devel-linux-x86_64-debian-gcc | 1.6-5 | 19.10 | 79.49 | 98.59 | OK | |
r-devel-linux-x86_64-fedora-clang | 1.6-5 | 161.57 | NOTE | |||
r-devel-linux-x86_64-fedora-gcc | 1.6-5 | 161.81 | OK | |||
r-devel-windows-x86_64 | 1.6-5 | 67.00 | 148.00 | 215.00 | OK | |
r-patched-linux-x86_64 | 1.6-5 | 18.86 | 103.97 | 122.83 | OK | |
r-release-linux-x86_64 | 1.6-5 | 20.37 | 101.28 | 121.65 | OK | |
r-release-macos-arm64 | 1.6-5 | 86.00 | OK | |||
r-release-macos-x86_64 | 1.6-5 | 132.00 | OK | |||
r-release-windows-x86_64 | 1.6-5 | 89.00 | 144.00 | 233.00 | OK | |
r-oldrel-macos-arm64 | 1.6-5 | 87.00 | OK | |||
r-oldrel-macos-x86_64 | 1.6-5 | 135.00 | OK | |||
r-oldrel-windows-ix86+x86_64 | 1.6-5 | 59.00 | 148.00 | 207.00 | OK |
Version: 1.6-5
Check: Rd cross-references
Result: NOTE
Undeclared packages ‘logcondens’, ‘colorspace’ in Rd xrefs
Flavor: r-devel-linux-x86_64-fedora-clang