Last updated on 2023-12-07 06:51:46 CET.
Flavor | Version | Tinstall | Tcheck | Ttotal | Status | Flags |
---|---|---|---|---|---|---|
r-devel-linux-x86_64-debian-clang | 1.1.6 | 144.64 | 218.29 | 362.93 | NOTE | |
r-devel-linux-x86_64-debian-gcc | 1.1.6 | 127.73 | 187.88 | 315.61 | NOTE | |
r-devel-linux-x86_64-fedora-clang | 1.1.6 | 456.23 | NOTE | |||
r-devel-linux-x86_64-fedora-gcc | 1.1.6 | 547.95 | NOTE | |||
r-devel-windows-x86_64 | 1.1.6 | 118.00 | 216.00 | 334.00 | NOTE | |
r-patched-linux-x86_64 | 1.1.6 | 120.98 | 249.63 | 370.61 | NOTE | |
r-release-linux-x86_64 | 1.1.6 | 105.85 | 246.70 | 352.55 | NOTE | |
r-release-macos-arm64 | 1.1.6 | 180.00 | NOTE | |||
r-release-macos-x86_64 | 1.1.6 | 386.00 | NOTE | |||
r-release-windows-x86_64 | 1.1.6 | 154.00 | 248.00 | 402.00 | NOTE | |
r-oldrel-macos-arm64 | 1.1.6 | 167.00 | NOTE | |||
r-oldrel-macos-x86_64 | 1.1.6 | 174.00 | NOTE | |||
r-oldrel-windows-x86_64 | 1.1.6 | 138.00 | 253.00 | 391.00 | NOTE |
Version: 1.1.6
Check: for GNU extensions in Makefiles
Result: NOTE
GNU make is a SystemRequirements.
Flavors: r-devel-linux-x86_64-debian-clang, r-devel-linux-x86_64-debian-gcc, r-devel-linux-x86_64-fedora-clang, r-devel-linux-x86_64-fedora-gcc, r-devel-windows-x86_64, r-patched-linux-x86_64, r-release-linux-x86_64, r-release-macos-arm64, r-release-macos-x86_64, r-release-windows-x86_64, r-oldrel-macos-arm64, r-oldrel-macos-x86_64, r-oldrel-windows-x86_64
Version: 1.1.6
Check: installed package size
Result: NOTE
installed size is 32.0Mb
sub-directories of 1Mb or more:
libs 31.6Mb
Flavors: r-release-macos-arm64, r-release-macos-x86_64, r-oldrel-macos-arm64, r-oldrel-macos-x86_64