Last updated on 2025-01-19 06:48:25 CET.
Flavor | Version | Tinstall | Tcheck | Ttotal | Status | Flags |
---|---|---|---|---|---|---|
r-devel-linux-x86_64-debian-clang | 0.4.47 | 17.19 | 84.18 | 101.37 | OK | |
r-devel-linux-x86_64-debian-gcc | 0.4.47 | 12.40 | 59.31 | 71.71 | OK | |
r-devel-linux-x86_64-fedora-clang | 0.4.47 | 181.16 | OK | |||
r-devel-linux-x86_64-fedora-gcc | 0.4.47 | 173.25 | OK | |||
r-devel-windows-x86_64 | 0.4.47 | 18.00 | 113.00 | 131.00 | OK | |
r-patched-linux-x86_64 | 0.4.47 | 18.00 | 79.81 | 97.81 | OK | |
r-release-linux-x86_64 | 0.4.47 | 17.53 | 78.84 | 96.37 | OK | |
r-release-macos-arm64 | 0.4.47 | 62.00 | NOTE | |||
r-release-macos-x86_64 | 0.4.47 | 135.00 | NOTE | |||
r-release-windows-x86_64 | 0.4.47 | 19.00 | 113.00 | 132.00 | OK | |
r-oldrel-macos-arm64 | 0.4.47 | 65.00 | NOTE | |||
r-oldrel-macos-x86_64 | 0.4.47 | 100.00 | NOTE | |||
r-oldrel-windows-x86_64 | 0.4.47 | 19.00 | 135.00 | 154.00 | OK |
Version: 0.4.47
Check: installed package size
Result: NOTE
installed size is 5.1Mb
sub-directories of 1Mb or more:
data 3.3Mb
extdata 1.3Mb
Flavors: r-release-macos-arm64, r-release-macos-x86_64, r-oldrel-macos-arm64, r-oldrel-macos-x86_64