Last updated on 2022-07-02 07:07:03 CEST.
Flavor | Version | Tinstall | Tcheck | Ttotal | Status | Flags |
---|---|---|---|---|---|---|
r-devel-linux-x86_64-debian-clang | 1.2.0 | 8.63 | 333.90 | 342.53 | OK | |
r-devel-linux-x86_64-debian-gcc | 1.2.0 | 6.58 | 232.96 | 239.54 | OK | |
r-devel-linux-x86_64-fedora-clang | 1.2.0 | 426.26 | NOTE | |||
r-devel-linux-x86_64-fedora-gcc | 1.2.0 | 414.91 | OK | |||
r-devel-windows-x86_64 | 1.2.0 | 46.00 | 838.00 | 884.00 | NOTE | |
r-patched-linux-x86_64 | 1.2.0 | 9.82 | 324.57 | 334.39 | OK | |
r-release-linux-x86_64 | 1.2.0 | 5.83 | 312.93 | 318.76 | OK | |
r-release-macos-arm64 | 1.2.0 | 104.00 | NOTE | |||
r-release-macos-x86_64 | 1.2.0 | 145.00 | NOTE | |||
r-release-windows-x86_64 | 1.2.0 | 30.00 | 524.00 | 554.00 | NOTE | |
r-oldrel-macos-arm64 | 1.2.0 | 79.00 | NOTE | |||
r-oldrel-macos-x86_64 | 1.2.0 | 113.00 | NOTE | |||
r-oldrel-windows-ix86+x86_64 | 1.2.0 | 15.00 | 384.00 | 399.00 | NOTE |
Version: 1.2.0
Check: installed package size
Result: NOTE
installed size is 5.3Mb
sub-directories of 1Mb or more:
data 1.2Mb
doc 3.5Mb
Flavors: r-devel-linux-x86_64-fedora-clang, r-devel-windows-x86_64, r-release-macos-arm64, r-release-macos-x86_64, r-release-windows-x86_64, r-oldrel-macos-arm64, r-oldrel-macos-x86_64, r-oldrel-windows-ix86+x86_64