CRAN Package Check Results for Package MCSim

Last updated on 2022-08-13 07:11:38 CEST.

Flavor Version Tinstall Tcheck Ttotal Status Flags
r-devel-linux-x86_64-debian-clang 1.0 1.85 25.19 27.04 NOTE
r-devel-linux-x86_64-debian-gcc 1.0 1.49 19.63 21.12 NOTE
r-devel-linux-x86_64-fedora-clang 1.0 44.16 NOTE
r-devel-linux-x86_64-fedora-gcc 1.0 42.86 NOTE
r-devel-windows-x86_64 1.0 8.00 47.00 55.00 NOTE
r-patched-linux-x86_64 1.0 2.19 24.26 26.45 NOTE
r-release-linux-x86_64 1.0 2.05 24.62 26.67 NOTE
r-release-macos-arm64 1.0 16.00 NOTE
r-release-macos-x86_64 1.0 21.00 NOTE
r-release-windows-x86_64 1.0 7.00 52.00 59.00 NOTE
r-oldrel-macos-arm64 1.0 18.00 NOTE
r-oldrel-macos-x86_64 1.0 28.00 NOTE
r-oldrel-windows-ix86+x86_64 1.0 6.00 45.00 51.00 NOTE

Check Details

Version: 1.0
Check: LazyData
Result: NOTE
     'LazyData' is specified without a 'data' directory
Flavors: r-devel-linux-x86_64-debian-clang, r-devel-linux-x86_64-debian-gcc, r-devel-linux-x86_64-fedora-clang, r-devel-linux-x86_64-fedora-gcc, r-devel-windows-x86_64, r-patched-linux-x86_64, r-release-linux-x86_64, r-release-macos-arm64, r-release-macos-x86_64, r-release-windows-x86_64, r-oldrel-macos-arm64, r-oldrel-macos-x86_64, r-oldrel-windows-ix86+x86_64