CRAN Package Check Results for Package MFDFA

Last updated on 2022-10-04 06:56:28 CEST.

Flavor Version Tinstall Tcheck Ttotal Status Flags
r-devel-linux-x86_64-debian-clang 1.1 2.33 38.05 40.38 NOTE
r-devel-linux-x86_64-debian-gcc 1.1 1.63 29.09 30.72 NOTE
r-devel-linux-x86_64-fedora-clang 1.1 61.04 NOTE
r-devel-linux-x86_64-fedora-gcc 1.1 58.22 NOTE
r-devel-windows-x86_64 1.1 7.00 64.00 71.00 NOTE
r-patched-linux-x86_64 1.1 1.97 36.53 38.50 NOTE
r-release-linux-x86_64 1.1 2.23 36.05 38.28 NOTE
r-release-macos-arm64 1.1 17.00 NOTE
r-release-macos-x86_64 1.1 25.00 NOTE
r-release-windows-x86_64 1.1 10.00 59.00 69.00 NOTE
r-oldrel-macos-arm64 1.1 22.00 NOTE
r-oldrel-macos-x86_64 1.1 32.00 NOTE
r-oldrel-windows-ix86+x86_64 1.1 6.00 59.00 65.00 NOTE

Check Details

Version: 1.1
Check: LazyData
Result: NOTE
     'LazyData' is specified without a 'data' directory
Flavors: r-devel-linux-x86_64-debian-clang, r-devel-linux-x86_64-debian-gcc, r-devel-linux-x86_64-fedora-clang, r-devel-linux-x86_64-fedora-gcc, r-devel-windows-x86_64, r-patched-linux-x86_64, r-release-linux-x86_64, r-release-macos-arm64, r-release-macos-x86_64, r-release-windows-x86_64, r-oldrel-macos-arm64, r-oldrel-macos-x86_64, r-oldrel-windows-ix86+x86_64