CRAN Package Check Results for Package MGDrivE

Last updated on 2021-06-13 06:49:55 CEST.

Flavor Version Tinstall Tcheck Ttotal Status Flags
r-devel-linux-x86_64-debian-clang 1.6.0 72.33 335.40 407.73 OK
r-devel-linux-x86_64-debian-gcc 1.6.0 46.21 226.78 272.99 OK
r-devel-linux-x86_64-fedora-clang 1.6.0 480.63 OK
r-devel-linux-x86_64-fedora-gcc 1.6.0 507.09 OK
r-devel-windows-x86_64 1.6.0 87.00 398.00 485.00 OK
r-devel-windows-x86_64-gcc10-UCRT 1.6.0 OK
r-patched-linux-x86_64 1.6.0 61.00 314.23 375.23 OK
r-patched-solaris-x86 1.6.0 539.10 OK
r-release-linux-x86_64 1.6.0 63.99 318.94 382.93 OK
r-release-macos-arm64 1.6.0 OK
r-release-macos-x86_64 1.6.0 OK
r-release-windows-ix86+x86_64 1.6.0 100.00 412.00 512.00 NOTE
r-oldrel-macos-x86_64 1.6.0 OK
r-oldrel-windows-ix86+x86_64 1.6.0 93.00 406.00 499.00 NOTE

Check Details

Version: 1.6.0
Check: installed package size
Result: NOTE
     installed size is 5.0Mb
     sub-directories of 1Mb or more:
     doc 2.2Mb
     libs 2.1Mb
Flavors: r-release-windows-ix86+x86_64, r-oldrel-windows-ix86+x86_64