CRAN Package Check Results for Package MGMM

Last updated on 2023-06-03 07:03:44 CEST.

Flavor Version Tinstall Tcheck Ttotal Status Flags
r-devel-linux-x86_64-debian-clang 1.0.0 48.75 50.98 99.73 NOTE
r-devel-linux-x86_64-debian-gcc 1.0.0 40.76 38.94 79.70 NOTE
r-devel-linux-x86_64-fedora-clang 1.0.0 148.75 NOTE
r-devel-linux-x86_64-fedora-gcc 1.0.0 173.18 NOTE
r-devel-windows-x86_64 1.0.0 50.00 90.00 140.00 NOTE
r-patched-linux-x86_64 1.0.0 NOTE
r-release-linux-x86_64 1.0.0 42.54 49.19 91.73 NOTE
r-release-macos-arm64 1.0.0 49.00 NOTE
r-release-macos-x86_64 1.0.0 75.00 NOTE
r-release-windows-x86_64 1.0.0 53.00 100.00 153.00 NOTE
r-oldrel-macos-arm64 1.0.0 37.00 OK
r-oldrel-macos-x86_64 1.0.0 50.00 OK
r-oldrel-windows-x86_64 1.0.0 50.00 96.00 146.00 OK

Check Details

Version: 1.0.0
Check: C++ specification
Result: NOTE
     Specified C++11: please drop specification unless essential
Flavors: r-devel-linux-x86_64-debian-clang, r-devel-linux-x86_64-debian-gcc, r-devel-linux-x86_64-fedora-clang, r-devel-linux-x86_64-fedora-gcc, r-devel-windows-x86_64, r-patched-linux-x86_64, r-release-linux-x86_64, r-release-macos-arm64, r-release-macos-x86_64, r-release-windows-x86_64