CRAN Package Check Results for Package MLMOI

Last updated on 2022-07-02 07:07:04 CEST.

Flavor Version Tinstall Tcheck Ttotal Status Flags
r-devel-linux-x86_64-debian-clang 0.1.1 6.83 62.18 69.01 NOTE
r-devel-linux-x86_64-debian-gcc 0.1.1 4.59 47.67 52.26 NOTE
r-devel-linux-x86_64-fedora-clang 0.1.1 98.34 NOTE
r-devel-linux-x86_64-fedora-gcc 0.1.1 89.13 NOTE
r-devel-windows-x86_64 0.1.1 33.00 98.00 131.00 NOTE
r-patched-linux-x86_64 0.1.1 5.00 61.67 66.67 NOTE
r-release-linux-x86_64 0.1.1 4.30 61.04 65.34 NOTE
r-release-macos-arm64 0.1.1 25.00 NOTE
r-release-macos-x86_64 0.1.1 37.00 NOTE
r-release-windows-x86_64 0.1.1 31.00 96.00 127.00 NOTE
r-oldrel-macos-arm64 0.1.1 38.00 NOTE
r-oldrel-macos-x86_64 0.1.1 53.00 NOTE
r-oldrel-windows-ix86+x86_64 0.1.1 12.00 78.00 90.00 NOTE

Check Details

Version: 0.1.1
Check: LazyData
Result: NOTE
     'LazyData' is specified without a 'data' directory
Flavors: r-devel-linux-x86_64-debian-clang, r-devel-linux-x86_64-debian-gcc, r-devel-linux-x86_64-fedora-clang, r-devel-linux-x86_64-fedora-gcc, r-devel-windows-x86_64, r-patched-linux-x86_64, r-release-linux-x86_64, r-release-macos-arm64, r-release-macos-x86_64, r-release-windows-x86_64, r-oldrel-macos-arm64, r-oldrel-macos-x86_64, r-oldrel-windows-ix86+x86_64