CRAN Package Check Results for Package MNM

Last updated on 2022-07-02 07:07:04 CEST.

Flavor Version Tinstall Tcheck Ttotal Status Flags
r-devel-linux-x86_64-debian-clang 1.0-3 11.59 114.61 126.20 NOTE
r-devel-linux-x86_64-debian-gcc 1.0-3 11.05 85.20 96.25 NOTE
r-devel-linux-x86_64-fedora-clang 1.0-3 167.28 NOTE
r-devel-linux-x86_64-fedora-gcc 1.0-3 159.20 NOTE
r-devel-windows-x86_64 1.0-3 24.00 133.00 157.00 NOTE
r-patched-linux-x86_64 1.0-3 12.16 106.87 119.03 NOTE
r-release-linux-x86_64 1.0-3 12.39 108.88 121.27 NOTE
r-release-macos-arm64 1.0-3 42.00 NOTE
r-release-macos-x86_64 1.0-3 59.00 NOTE
r-release-windows-x86_64 1.0-3 17.00 133.00 150.00 NOTE
r-oldrel-macos-arm64 1.0-3 48.00 NOTE
r-oldrel-macos-x86_64 1.0-3 88.00 NOTE
r-oldrel-windows-ix86+x86_64 1.0-3 26.00 131.00 157.00 OK

Check Details

Version: 1.0-3
Check: package dependencies
Result: NOTE
    Package suggested but not available for checking: 'Flury'
Flavors: r-devel-linux-x86_64-debian-clang, r-devel-linux-x86_64-debian-gcc, r-devel-linux-x86_64-fedora-clang, r-devel-linux-x86_64-fedora-gcc, r-devel-windows-x86_64, r-patched-linux-x86_64, r-release-linux-x86_64, r-release-macos-arm64, r-release-macos-x86_64, r-release-windows-x86_64, r-oldrel-macos-arm64, r-oldrel-macos-x86_64