CRAN Package Check Results for Package MPTinR

Last updated on 2021-06-16 06:49:17 CEST.

Flavor Version Tinstall Tcheck Ttotal Status Flags
r-devel-linux-x86_64-debian-clang 1.13.0 62.16 186.04 248.20 OK
r-devel-linux-x86_64-debian-gcc 1.13.0 41.01 140.92 181.93 OK
r-devel-linux-x86_64-fedora-clang 1.13.0 307.17 NOTE
r-devel-linux-x86_64-fedora-gcc 1.13.0 292.25 OK
r-devel-windows-x86_64 1.13.0 69.00 247.00 316.00 OK
r-devel-windows-x86_64-gcc10-UCRT 1.13.0 OK
r-patched-linux-x86_64 1.13.0 52.29 177.71 230.00 OK
r-patched-solaris-x86 1.13.0 326.30 OK
r-release-linux-x86_64 1.13.0 47.74 177.61 225.35 OK
r-release-macos-arm64 1.13.0 NOTE
r-release-macos-x86_64 1.13.0 NOTE
r-release-windows-ix86+x86_64 1.13.0 126.00 273.00 399.00 OK
r-oldrel-macos-x86_64 1.13.0 NOTE
r-oldrel-windows-ix86+x86_64 1.13.0 92.00 273.00 365.00 OK

Check Details

Version: 1.13.0
Check: installed package size
Result: NOTE
     installed size is 10.2Mb
     sub-directories of 1Mb or more:
     libs 8.9Mb
Flavors: r-devel-linux-x86_64-fedora-clang, r-release-macos-arm64, r-release-macos-x86_64, r-oldrel-macos-x86_64