CRAN Package Check Results for Package MRPC

Last updated on 2022-07-06 06:52:55 CEST.

Flavor Version Tinstall Tcheck Ttotal Status Flags
r-devel-linux-x86_64-debian-clang 3.1.0 42.74 338.14 380.88 OK
r-devel-linux-x86_64-debian-gcc 3.1.0 37.58 253.32 290.90 OK
r-devel-linux-x86_64-fedora-clang 3.1.0 478.75 WARN
r-devel-linux-x86_64-fedora-gcc 3.1.0 467.05 WARN
r-devel-windows-x86_64 3.1.0 49.00 349.00 398.00 OK
r-patched-linux-x86_64 3.1.0 56.22 321.68 377.90 OK
r-release-linux-x86_64 3.1.0 29.75 322.87 352.62 OK
r-release-macos-arm64 3.1.0 127.00 OK
r-release-macos-x86_64 3.1.0 176.00 OK
r-release-windows-x86_64 3.1.0 55.00 349.00 404.00 OK
r-oldrel-macos-arm64 3.1.0 98.00 OK
r-oldrel-macos-x86_64 3.1.0 153.00 OK
r-oldrel-windows-ix86+x86_64 3.1.0 96.00 345.00 441.00 OK

Check Details

Version: 3.1.0
Check: package dependencies
Result: WARN
    Requires orphaned package: ‘gtools’
Flavors: r-devel-linux-x86_64-fedora-clang, r-devel-linux-x86_64-fedora-gcc