Last updated on 2023-04-02 06:50:34 CEST.
Flavor | Version | Tinstall | Tcheck | Ttotal | Status | Flags |
---|---|---|---|---|---|---|
r-devel-linux-x86_64-debian-clang | 0.1.1 | 137.48 | 64.11 | 201.59 | OK | |
r-devel-linux-x86_64-debian-gcc | 0.1.1 | 111.13 | 48.59 | 159.72 | OK | |
r-devel-linux-x86_64-fedora-clang | 0.1.1 | 275.94 | OK | |||
r-devel-linux-x86_64-fedora-gcc | 0.1.1 | 283.21 | OK | |||
r-devel-windows-x86_64 | 0.1.1 | 151.00 | 136.00 | 287.00 | OK | |
r-patched-linux-x86_64 | 0.1.1 | 112.29 | 63.88 | 176.17 | OK | |
r-release-linux-x86_64 | 0.1.1 | 96.42 | 56.67 | 153.09 | OK | |
r-release-macos-arm64 | 0.1.1 | 60.00 | NOTE | |||
r-release-macos-x86_64 | 0.1.1 | 86.00 | NOTE | |||
r-release-windows-x86_64 | 0.1.1 | 150.00 | 126.00 | 276.00 | OK | |
r-oldrel-macos-arm64 | 0.1.1 | 56.00 | NOTE | |||
r-oldrel-macos-x86_64 | 0.1.1 | 89.00 | NOTE | |||
r-oldrel-windows-ix86+x86_64 | 0.1.1 | 313.00 | 111.00 | 424.00 | OK |
Version: 0.1.1
Check: installed package size
Result: NOTE
installed size is 14.3Mb
sub-directories of 1Mb or more:
libs 13.6Mb
Flavors: r-release-macos-arm64, r-release-macos-x86_64, r-oldrel-macos-arm64, r-oldrel-macos-x86_64