CRAN Package Check Results for Package MScombine

Last updated on 2021-04-17 06:46:49 CEST.

Flavor Version Tinstall Tcheck Ttotal Status Flags
r-devel-linux-x86_64-debian-clang 1.4 2.91 27.52 30.43 NOTE
r-devel-linux-x86_64-debian-gcc 1.4 2.22 21.92 24.14 NOTE
r-devel-linux-x86_64-fedora-clang 1.4 46.54 NOTE
r-devel-linux-x86_64-fedora-gcc 1.4 37.19 NOTE
r-devel-windows-ix86+x86_64 1.4 8.00 49.00 57.00 NOTE
r-devel-windows-x86_64-gcc10-UCRT 1.4 NOTE
r-patched-linux-x86_64 1.4 2.67 26.12 28.79 OK
r-patched-solaris-x86 1.4 54.10 OK
r-release-linux-x86_64 1.4 2.21 26.47 28.68 OK
r-release-macos-x86_64 1.4 OK
r-release-windows-ix86+x86_64 1.4 6.00 50.00 56.00 OK
r-oldrel-macos-x86_64 1.4 OK
r-oldrel-windows-ix86+x86_64 1.4 5.00 42.00 47.00 OK

Check Details

Version: 1.4
Check: LazyData
Result: NOTE
     'LazyData' is specified without a 'data' directory
Flavors: r-devel-linux-x86_64-debian-clang, r-devel-linux-x86_64-debian-gcc, r-devel-linux-x86_64-fedora-clang, r-devel-linux-x86_64-fedora-gcc, r-devel-windows-ix86+x86_64, r-devel-windows-x86_64-gcc10-UCRT