CRAN Package Check Results for Package MXM

Last updated on 2020-12-04 06:46:54 CET.

Flavor Version Tinstall Tcheck Ttotal Status Flags
r-devel-linux-x86_64-debian-clang 1.4.9 83.98 557.57 641.55 OK
r-devel-linux-x86_64-debian-gcc 1.4.9 68.38 408.84 477.22 OK
r-devel-linux-x86_64-fedora-clang 1.4.9 780.23 NOTE
r-devel-linux-x86_64-fedora-gcc 1.4.9 753.11 ERROR
r-devel-windows-ix86+x86_64 1.4.9 152.00 575.00 727.00 OK
r-patched-linux-x86_64 1.4.9 61.07 508.03 569.10 OK
r-patched-solaris-x86 1.4.9 919.80 NOTE
r-release-linux-x86_64 1.4.9 57.60 501.79 559.39 OK
r-release-macos-x86_64 1.4.9 NOTE
r-release-windows-ix86+x86_64 1.4.9 5.00 5.00 10.00 ERROR
r-oldrel-macos-x86_64 1.4.9 NOTE
r-oldrel-windows-ix86+x86_64 1.4.9 106.00 610.00 716.00 OK

Check Details

Version: 1.4.9
Check: dependencies in R code
Result: NOTE
    Namespace in Imports field not imported from: ‘knitr’
     All declared Imports should be used.
Flavors: r-devel-linux-x86_64-fedora-clang, r-devel-linux-x86_64-fedora-gcc, r-patched-solaris-x86, r-release-macos-x86_64, r-oldrel-macos-x86_64

Version: 1.4.9
Check: examples
Result: ERROR
    Running examples in ‘MXM-Ex.R’ failed
    The error most likely occurred in:
    
    > ### Name: Many simple quantile regressions using logistic regressions
    > ### Title: Many simple quantile regressions using logistic regressions.
    > ### Aliases: logiquant.regs
    >
    > ### ** Examples
    >
    > y <- rcauchy(100, 3, 2)
    > x <- matrix( rnorm(200 * 50), ncol = 50 )
    > a <- MXM::logiquant.regs(y, x)
    
    warning: solve(): system seems singular; attempting approx solution
    
    warning: solve(): system seems singular; attempting approx solution
    Infinity found
    Infinity found
    
    warning: solve(): system seems singular; attempting approx solution
    
    warning: solve(): system seems singular; attempting approx solutionInfinity found
    Error: C stack usage 233458917404 is too close to the limit
    Execution halted
    
    
    warning: solve(): system seems singular; attempting approx solution
    Infinity found
    
    warning: solve(): system seems singular; attempting approx solution
    Infinity found
    
    warning: solve(): system seems singular; attempting approx solution
    Infinity found
    
    warning: solve(): system seems singular; attempting approx solution
    Infinity found
    
    warning: solve(): system seems singular; attempting approx solution
    Infinity found
    
    warning: solve(): system seems singular; attempting approx solution
    Infinity found
    
    warning: solve(): system seems singular; attempting approx solution
    Infinity found
    
    warning: solve(): system seems singular; attempting approx solution
    Infinity found
    
    warning: solve(): system seems singular; attempting approx solution
    Infinity found
    
    warning: solve(): system seems singular; attempting approx solution
    Infinity found
    
    warning: solve(): system seems singular; attempting approx solution
    Infinity found
    
    warning: solve(): system seems singular; attempting approx solution
    Infinity found
    
    warning: solve(): system seems singular; attempting approx solution
    Infinity found
    
    warning: solve(): system seems singular; attempting approx solution
    Infinity found
    
    warning: solve(): system seems singular; attempting approx solution
    Infinity found
    
    warning: solve(): system seems singular; attempting approx solution
    Infinity found
    
    warning: solve(): system seems singular; attempting approx solution
    Infinity found
    
    warning: solve(): system seems singular; attempting approx solution
    Infinity found
    
    warning: solve(): system seems singular; attempting approx solution
    Infinity found
    
    warning: solve(): system seems singular; attempting approx solution
    Infinity found
    
    warning: solve(): system seems singular; attempting approx solution
    Infinity found
    
    warning: solve(): system seems singular; attempting approx solution
    Infinity found
    
    warning: solve(): system seems singular; attempting approx solution
    Infinity found
Flavor: r-devel-linux-x86_64-fedora-gcc

Version: 1.4.9
Check: whether package can be installed
Result: ERROR
    Installation failed.
Flavor: r-release-windows-ix86+x86_64