CRAN Package Check Results for Package MadanTextNetwork

Last updated on 2024-06-21 06:58:17 CEST.

Flavor Version Tinstall Tcheck Ttotal Status Flags
r-devel-linux-x86_64-debian-clang 0.1.0 20.05 157.66 177.71 OK
r-devel-linux-x86_64-debian-gcc 0.1.0 15.94 117.46 133.40 OK
r-devel-linux-x86_64-fedora-clang 0.1.0 223.69 NOTE
r-devel-linux-x86_64-fedora-gcc 0.1.0 217.11 NOTE
r-devel-windows-x86_64 0.1.0 18.00 115.00 133.00 OK
r-patched-linux-x86_64 0.1.0 18.45 154.12 172.57 OK
r-release-linux-x86_64 0.1.0 15.51 155.40 170.91 OK
r-release-macos-arm64 0.1.0 62.00 OK
r-release-macos-x86_64 0.1.0 95.00 OK
r-release-windows-x86_64 0.1.0 19.00 115.00 134.00 OK
r-oldrel-macos-arm64 0.1.0 82.00 OK
r-oldrel-macos-x86_64 0.1.0 122.00 OK
r-oldrel-windows-x86_64 0.1.0 22.00 150.00 172.00 OK

Check Details

Version: 0.1.0
Check: dependencies in R code
Result: NOTE Namespaces in Imports field not imported from: ‘ngram’ ‘shinythemes’ ‘topicmodels’ All declared Imports should be used. Flavors: r-devel-linux-x86_64-fedora-clang, r-devel-linux-x86_64-fedora-gcc