Last updated on 2022-06-26 06:50:41 CEST.
Flavor | Version | Tinstall | Tcheck | Ttotal | Status | Flags |
---|---|---|---|---|---|---|
r-devel-linux-x86_64-debian-clang | 1.3.6 | 14.15 | 66.56 | 80.71 | NOTE | |
r-devel-linux-x86_64-debian-gcc | 1.3.6 | 14.24 | 51.95 | 66.19 | NOTE | |
r-devel-linux-x86_64-fedora-clang | 1.3.6 | 121.30 | NOTE | |||
r-devel-linux-x86_64-fedora-gcc | 1.3.6 | 115.10 | NOTE | |||
r-devel-windows-x86_64 | 1.3.6 | 185.00 | 109.00 | 294.00 | NOTE | |
r-patched-linux-x86_64 | 1.3.6 | 22.82 | 67.61 | 90.43 | OK | |
r-release-linux-x86_64 | 1.3.6 | 21.70 | 69.04 | 90.74 | OK | |
r-release-macos-arm64 | 1.3.6 | 63.00 | OK | |||
r-release-macos-x86_64 | 1.3.6 | 81.00 | OK | |||
r-release-windows-x86_64 | 1.3.6 | 48.00 | 109.00 | 157.00 | OK | |
r-oldrel-macos-arm64 | 1.3.6 | 90.00 | OK | |||
r-oldrel-macos-x86_64 | 1.3.6 | 99.00 | OK | |||
r-oldrel-windows-ix86+x86_64 | 1.3.6 | 27.00 | 83.00 | 110.00 | OK |
Version: 1.3.6
Check: Rd files
Result: NOTE
checkRd: (-1) Interpolation-class.Rd:41: Escaped LaTeX specials: \#
checkRd: (-1) MareyMap-class.Rd:85: Escaped LaTeX specials: \_
checkRd: (-1) MareyMap-methods.Rd:11: Escaped LaTeX specials: \_ \_ \_ \_
checkRd: (-1) MareyMap-methods.Rd:12: Escaped LaTeX specials: \_
checkRd: (-1) SpeciesMaps-methods.Rd:11: Escaped LaTeX specials: \_
checkRd: (-1) interpolation-methods.Rd:13: Escaped LaTeX specials: \_
Flavors: r-devel-linux-x86_64-debian-clang, r-devel-linux-x86_64-debian-gcc, r-devel-linux-x86_64-fedora-clang, r-devel-linux-x86_64-fedora-gcc, r-devel-windows-x86_64