CRAN Package Check Results for Package MarginalMediation

Last updated on 2024-06-20 06:57:16 CEST.

Flavor Version Tinstall Tcheck Ttotal Status Flags
r-devel-linux-x86_64-debian-clang 0.7.2 4.79 108.50 113.29 NOTE
r-devel-linux-x86_64-debian-gcc 0.7.2 4.54 77.67 82.21 NOTE
r-devel-linux-x86_64-fedora-clang 0.7.2 157.86 NOTE
r-devel-linux-x86_64-fedora-gcc 0.7.2 148.38 NOTE
r-devel-windows-x86_64 0.7.2 6.00 95.00 101.00 NOTE
r-patched-linux-x86_64 0.7.2 5.86 100.47 106.33 NOTE
r-release-linux-x86_64 0.7.2 5.11 103.37 108.48 NOTE
r-release-macos-arm64 0.7.2 52.00 NOTE
r-release-macos-x86_64 0.7.2 95.00 NOTE
r-release-windows-x86_64 0.7.2 6.00 96.00 102.00 NOTE
r-oldrel-macos-arm64 0.7.2 58.00 NOTE
r-oldrel-macos-x86_64 0.7.2 81.00 NOTE
r-oldrel-windows-x86_64 0.7.2 8.00 118.00 126.00 NOTE

Check Details

Version: 0.7.2
Check: Rd files
Result: NOTE checkRd: (-1) mma.Rd:67: Escaped LaTeX specials: \& Flavors: r-devel-linux-x86_64-debian-clang, r-devel-linux-x86_64-debian-gcc, r-devel-linux-x86_64-fedora-clang, r-devel-linux-x86_64-fedora-gcc, r-devel-windows-x86_64, r-patched-linux-x86_64, r-release-linux-x86_64, r-release-macos-arm64, r-release-macos-x86_64, r-release-windows-x86_64, r-oldrel-macos-arm64, r-oldrel-macos-x86_64, r-oldrel-windows-x86_64

Version: 0.7.2
Check: package dependencies
Result: NOTE Package suggested but not available for checking: ‘margins’ Flavor: r-patched-linux-x86_64