CRAN Package Check Results for Package MatrixExtra

Last updated on 2022-01-20 06:49:24 CET.

Flavor Version Tinstall Tcheck Ttotal Status Flags
r-devel-linux-x86_64-debian-clang 0.1.9-1 OK
r-devel-linux-x86_64-debian-gcc 0.1.9-1 119.99 149.01 269.00 OK
r-devel-linux-x86_64-fedora-clang 0.1.9-1 468.95 NOTE
r-devel-linux-x86_64-fedora-gcc 0.1.9-1 480.78 OK
r-devel-windows-x86_64-new-UL 0.1.9-1 313.00 243.00 556.00 OK
r-devel-windows-x86_64-new-TK 0.1.9-1 OK
r-patched-linux-x86_64 0.1.9-1 135.58 191.99 327.57 OK
r-release-linux-x86_64 0.1.9-1 OK
r-release-macos-arm64 0.1.9-1 NOTE
r-release-macos-x86_64 0.1.9-1 NOTE
r-release-windows-ix86+x86_64 0.1.9-1 309.00 320.00 629.00 NOTE
r-oldrel-macos-x86_64 0.1.9-1 NOTE
r-oldrel-windows-ix86+x86_64 0.1.9-1 308.00 321.00 629.00 NOTE

Check Details

Version: 0.1.9-1
Check: installed package size
Result: NOTE
     installed size is 10.9Mb
     sub-directories of 1Mb or more:
     R 1.2Mb
     libs 9.5Mb
Flavors: r-devel-linux-x86_64-fedora-clang, r-release-macos-arm64, r-release-macos-x86_64, r-release-windows-ix86+x86_64, r-oldrel-macos-x86_64, r-oldrel-windows-ix86+x86_64