Last updated on 2023-03-24 05:52:18 CET.
Flavor | Version | Tinstall | Tcheck | Ttotal | Status | Flags |
---|---|---|---|---|---|---|
r-devel-linux-x86_64-debian-clang | 0.2.0 | 38.62 | 357.47 | 396.09 | OK | |
r-devel-linux-x86_64-debian-gcc | 0.2.0 | 30.29 | 262.54 | 292.83 | OK | |
r-devel-linux-x86_64-fedora-clang | 0.2.0 | 478.87 | NOTE | |||
r-devel-linux-x86_64-fedora-gcc | 0.2.0 | 499.46 | NOTE | |||
r-devel-windows-x86_64 | 0.2.0 | 78.00 | 368.00 | 446.00 | OK | |
r-patched-linux-x86_64 | 0.2.0 | 33.52 | 331.17 | 364.69 | OK | |
r-release-linux-x86_64 | 0.2.0 | 29.27 | 332.24 | 361.51 | OK | |
r-release-macos-arm64 | 0.2.0 | 142.00 | NOTE | |||
r-release-macos-x86_64 | 0.2.0 | 163.00 | NOTE | |||
r-release-windows-x86_64 | 0.2.0 | 118.00 | 338.00 | 456.00 | OK | |
r-oldrel-macos-arm64 | 0.2.0 | 131.00 | NOTE | |||
r-oldrel-macos-x86_64 | 0.2.0 | 160.00 | NOTE | |||
r-oldrel-windows-ix86+x86_64 | 0.2.0 | 82.00 | 363.00 | 445.00 | OK |
Version: 0.2.0
Check: data for non-ASCII characters
Result: NOTE
Note: found 18 marked UTF-8 strings
Flavors: r-devel-linux-x86_64-fedora-clang, r-devel-linux-x86_64-fedora-gcc, r-release-macos-arm64, r-release-macos-x86_64, r-oldrel-macos-arm64, r-oldrel-macos-x86_64