CRAN Package Check Results for Package MediaNews

Last updated on 2024-07-16 07:01:43 CEST.

Flavor Version Tinstall Tcheck Ttotal Status Flags
r-devel-windows-x86_64 0.2.1 5.00 52.00 57.00 OK
r-release-windows-x86_64 0.2.1 6.00 53.00 59.00 OK
r-oldrel-macos-x86_64 0.2.1 5.00 ERROR
r-oldrel-windows-x86_64 0.2.1 8.00 59.00 67.00 OK

Check Details

Version: 0.2.1
Check: PDF version of manual
Result: WARN LaTeX errors when creating PDF version. This typically indicates Rd problems. Flavor: r-oldrel-macos-x86_64

Version: 0.2.1
Check: PDF version of manual without index
Result: ERROR Re-running with no redirection of stdout/stderr. Flavor: r-oldrel-macos-x86_64