Last updated on 2021-01-19 06:51:09 CET.
Flavor | Version | Tinstall | Tcheck | Ttotal | Status | Flags |
---|---|---|---|---|---|---|
r-devel-windows-ix86+x86_64 | 0.2.1 | 9.00 | 43.00 | 52.00 | OK | |
r-release-windows-ix86+x86_64 | 0.2.1 | 10.00 | 44.00 | 54.00 | OK | |
r-oldrel-macos-x86_64 | 0.2.1 | NOTE | ||||
r-oldrel-windows-ix86+x86_64 | 0.2.1 | 8.00 | 41.00 | 49.00 | OK |
Version: 0.2.1
Check: data for non-ASCII characters
Result: NOTE
Note: found 7757 marked UTF-8 strings
Flavor: r-oldrel-macos-x86_64