CRAN Package Check Results for Package MediaNews

Last updated on 2022-10-04 06:56:28 CEST.

Flavor Version Tinstall Tcheck Ttotal Status Flags
r-devel-windows-x86_64 0.2.1 13.00 68.00 81.00 OK
r-release-windows-x86_64 0.2.1 8.00 62.00 70.00 OK
r-oldrel-macos-arm64 0.2.1 47.00 NOTE
r-oldrel-windows-ix86+x86_64 0.2.1 10.00 60.00 70.00 OK

Check Details

Version: 0.2.1
Check: data for non-ASCII characters
Result: NOTE
     Note: found 7757 marked UTF-8 strings
Flavor: r-oldrel-macos-arm64