Last updated on 2023-04-02 06:50:33 CEST.
Flavor | Version | Tinstall | Tcheck | Ttotal | Status | Flags |
---|---|---|---|---|---|---|
r-devel-linux-x86_64-debian-clang | 1.0.0 | 584.48 | 59.20 | 643.68 | OK | |
r-devel-linux-x86_64-debian-gcc | 1.0.0 | 477.17 | 71.07 | 548.24 | OK | |
r-devel-linux-x86_64-fedora-clang | 1.0.0 | 850.76 | NOTE | |||
r-devel-linux-x86_64-fedora-gcc | 1.0.0 | 988.72 | OK | |||
r-devel-windows-x86_64 | 1.0.0 | 600.00 | 191.00 | 791.00 | OK | |
r-patched-linux-x86_64 | 1.0.0 | 465.50 | 100.02 | 565.52 | OK | |
r-release-linux-x86_64 | 1.0.0 | 498.59 | 90.47 | 589.06 | OK | |
r-release-macos-arm64 | 1.0.0 | 238.00 | NOTE | |||
r-release-macos-x86_64 | 1.0.0 | 258.00 | NOTE | |||
r-release-windows-x86_64 | 1.0.0 | 417.00 | 159.00 | 576.00 | OK | |
r-oldrel-macos-arm64 | 1.0.0 | 220.00 | NOTE | |||
r-oldrel-macos-x86_64 | 1.0.0 | 247.00 | NOTE | |||
r-oldrel-windows-ix86+x86_64 | 1.0.0 | 519.00 | 19.00 | 538.00 | ERROR |
Version: 1.0.0
Check: installed package size
Result: NOTE
installed size is 6.3Mb
sub-directories of 1Mb or more:
libs 6.1Mb
Flavors: r-devel-linux-x86_64-fedora-clang, r-release-macos-arm64, r-release-macos-x86_64, r-oldrel-macos-arm64, r-oldrel-macos-x86_64
Version: 1.0.0
Check: whether package can be installed
Result: ERROR
Installation failed.
Flavor: r-oldrel-windows-ix86+x86_64