CRAN Package Check Results for Package MetaboList

Last updated on 2022-01-26 06:50:20 CET.

Flavor Version Tinstall Tcheck Ttotal Status Flags
r-devel-linux-x86_64-debian-clang 2.0 7.41 75.58 82.99 NOTE
r-devel-linux-x86_64-debian-gcc 2.0 6.62 56.88 63.50 NOTE
r-devel-linux-x86_64-fedora-clang 2.0 100.21 NOTE
r-devel-linux-x86_64-fedora-gcc 2.0 88.10 NOTE
r-devel-windows-x86_64-new-UL 2.0 41.00 89.00 130.00 NOTE
r-devel-windows-x86_64-new-TK 2.0 NOTE
r-patched-linux-x86_64 2.0 6.51 69.24 75.75 NOTE
r-release-linux-x86_64 2.0 7.65 68.93 76.58 NOTE
r-release-macos-arm64 2.0 NOTE
r-release-macos-x86_64 2.0 NOTE
r-release-windows-ix86+x86_64 2.0 19.00 88.00 107.00 NOTE
r-oldrel-macos-x86_64 2.0 OK
r-oldrel-windows-ix86+x86_64 2.0 18.00 89.00 107.00 OK

Check Details

Version: 2.0
Check: LazyData
Result: NOTE
     'LazyData' is specified without a 'data' directory
Flavors: r-devel-linux-x86_64-debian-clang, r-devel-linux-x86_64-debian-gcc, r-devel-linux-x86_64-fedora-clang, r-devel-linux-x86_64-fedora-gcc, r-devel-windows-x86_64-new-UL, r-devel-windows-x86_64-new-TK, r-patched-linux-x86_64, r-release-linux-x86_64, r-release-macos-arm64, r-release-macos-x86_64, r-release-windows-ix86+x86_64