Last updated on 2022-08-13 07:11:38 CEST.
Flavor | Version | Tinstall | Tcheck | Ttotal | Status | Flags |
---|---|---|---|---|---|---|
r-devel-linux-x86_64-debian-clang | 1.0 | 32.86 | 27.08 | 59.94 | OK | |
r-devel-linux-x86_64-debian-gcc | 1.0 | 24.43 | 20.96 | 45.39 | OK | |
r-devel-linux-x86_64-fedora-clang | 1.0 | 93.95 | NOTE | |||
r-devel-linux-x86_64-fedora-gcc | 1.0 | 87.45 | NOTE | |||
r-devel-windows-x86_64 | 1.0 | 34.00 | 70.00 | 104.00 | OK | |
r-patched-linux-x86_64 | 1.0 | 29.06 | 25.64 | 54.70 | OK | |
r-release-linux-x86_64 | 1.0 | 29.59 | 26.43 | 56.02 | OK | |
r-release-macos-arm64 | 1.0 | 25.00 | OK | |||
r-release-macos-x86_64 | 1.0 | 31.00 | OK | |||
r-release-windows-x86_64 | 1.0 | 41.00 | 81.00 | 122.00 | OK | |
r-oldrel-macos-arm64 | 1.0 | 30.00 | OK | |||
r-oldrel-macos-x86_64 | 1.0 | 53.00 | OK | |||
r-oldrel-windows-ix86+x86_64 | 1.0 | 80.00 | 75.00 | 155.00 | OK |
Version: 1.0
Check: compiled code
Result: NOTE
File ‘MetaheuristicFPA/libs/MetaheuristicFPA.so’:
Found no calls to: ‘R_registerRoutines’, ‘R_useDynamicSymbols’
It is good practice to register native routines and to disable symbol
search.
See ‘Writing portable packages’ in the ‘Writing R Extensions’ manual.
Flavors: r-devel-linux-x86_64-fedora-clang, r-devel-linux-x86_64-fedora-gcc