CRAN Package Check Results for Package MetaheuristicFPA

Last updated on 2022-11-26 05:51:53 CET.

Flavor Version Tinstall Tcheck Ttotal Status Flags
r-devel-linux-x86_64-debian-clang 1.0 31.67 27.34 59.01 OK
r-devel-linux-x86_64-debian-gcc 1.0 25.78 21.69 47.47 OK
r-devel-linux-x86_64-fedora-clang 1.0 103.77 NOTE
r-devel-linux-x86_64-fedora-gcc 1.0 92.04 NOTE
r-devel-windows-x86_64 1.0 37.00 73.00 110.00 OK
r-patched-linux-x86_64 1.0 OK
r-release-linux-x86_64 1.0 24.05 27.27 51.32 OK
r-release-macos-arm64 1.0 25.00 OK
r-release-macos-x86_64 1.0 31.00 OK
r-release-windows-x86_64 1.0 46.00 77.00 123.00 OK
r-oldrel-macos-arm64 1.0 30.00 OK
r-oldrel-macos-x86_64 1.0 53.00 OK
r-oldrel-windows-ix86+x86_64 1.0 79.00 75.00 154.00 OK

Check Details

Version: 1.0
Check: compiled code
Result: NOTE
    File ‘MetaheuristicFPA/libs/MetaheuristicFPA.so’:
     Found no calls to: ‘R_registerRoutines’, ‘R_useDynamicSymbols’
    
    It is good practice to register native routines and to disable symbol
    search.
    
    See ‘Writing portable packages’ in the ‘Writing R Extensions’ manual.
Flavors: r-devel-linux-x86_64-fedora-clang, r-devel-linux-x86_64-fedora-gcc