CRAN Package Check Results for Package MfUSampler

Last updated on 2020-09-22 06:47:32 CEST.

Flavor Version Tinstall Tcheck Ttotal Status Flags
r-devel-linux-x86_64-debian-clang 1.0.4 2.71 53.17 55.88 OK
r-devel-linux-x86_64-debian-gcc 1.0.4 0.34 1.89 2.23 ERROR
r-devel-linux-x86_64-fedora-clang 1.0.4 77.30 OK
r-devel-linux-x86_64-fedora-gcc 1.0.4 69.15 OK
r-devel-windows-ix86+x86_64 1.0.4 5.00 82.00 87.00 OK
r-patched-linux-x86_64 1.0.4 2.79 47.73 50.52 OK
r-patched-solaris-x86 1.0.4 102.70 OK
r-release-linux-x86_64 1.0.4 2.76 47.85 50.61 OK
r-release-macos-x86_64 1.0.4 OK
r-release-windows-ix86+x86_64 1.0.4 6.00 65.00 71.00 OK
r-oldrel-macos-x86_64 1.0.4 OK
r-oldrel-windows-ix86+x86_64 1.0.4 4.00 77.00 81.00 OK

Check Details

Version: 1.0.4
Check: whether package can be installed
Result: ERROR
    Installation failed.
Flavor: r-devel-linux-x86_64-debian-gcc