CRAN Package Check Results for Package MicSim

Last updated on 2022-01-20 06:49:24 CET.

Flavor Version Tinstall Tcheck Ttotal Status Flags
r-devel-linux-x86_64-debian-clang 1.0.15 NOTE
r-devel-linux-x86_64-debian-gcc 1.0.15 2.75 28.03 30.78 NOTE
r-devel-linux-x86_64-fedora-clang 1.0.15 48.35 NOTE
r-devel-linux-x86_64-fedora-gcc 1.0.15 40.02 NOTE
r-devel-windows-x86_64-new-UL 1.0.15 21.00 59.00 80.00 NOTE
r-devel-windows-x86_64-new-TK 1.0.15 NOTE
r-patched-linux-x86_64 1.0.15 3.17 35.04 38.21 NOTE
r-release-linux-x86_64 1.0.15 NOTE
r-release-macos-arm64 1.0.15 NOTE
r-release-macos-x86_64 1.0.15 NOTE
r-release-windows-ix86+x86_64 1.0.15 8.00 43.00 51.00 NOTE
r-oldrel-macos-x86_64 1.0.15 OK
r-oldrel-windows-ix86+x86_64 1.0.15 7.00 45.00 52.00 OK

Check Details

Version: 1.0.15
Check: LazyData
Result: NOTE
     'LazyData' is specified without a 'data' directory
Flavors: r-devel-linux-x86_64-debian-clang, r-devel-linux-x86_64-debian-gcc, r-devel-linux-x86_64-fedora-clang, r-devel-linux-x86_64-fedora-gcc, r-devel-windows-x86_64-new-UL, r-devel-windows-x86_64-new-TK, r-patched-linux-x86_64, r-release-linux-x86_64, r-release-macos-arm64, r-release-macos-x86_64, r-release-windows-ix86+x86_64