CRAN Package Check Results for Package MixTwice

Last updated on 2024-06-22 07:49:34 CEST.

Flavor Version Tinstall Tcheck Ttotal Status Flags
r-devel-linux-x86_64-debian-clang 2.0 2.70 27.90 30.60 OK
r-devel-linux-x86_64-debian-gcc 2.0 1.81 21.44 23.25 OK
r-devel-linux-x86_64-fedora-clang 2.0 38.65 NOTE
r-devel-linux-x86_64-fedora-gcc 2.0 36.90 NOTE
r-devel-windows-x86_64 2.0 3.00 44.00 47.00 OK
r-patched-linux-x86_64 2.0 2.61 27.93 30.54 OK
r-release-linux-x86_64 2.0 2.86 26.66 29.52 OK
r-release-macos-arm64 2.0 17.00 OK
r-release-macos-x86_64 2.0 23.00 OK
r-release-windows-x86_64 2.0 3.00 46.00 49.00 OK
r-oldrel-macos-arm64 2.0 19.00 OK
r-oldrel-macos-x86_64 2.0 23.00 OK
r-oldrel-windows-x86_64 2.0 4.00 44.00 48.00 OK

Check Details

Version: 2.0
Check: dependencies in R code
Result: NOTE Namespaces in Imports field not imported from: ‘ashr’ ‘fdrtool’ All declared Imports should be used. Flavors: r-devel-linux-x86_64-fedora-clang, r-devel-linux-x86_64-fedora-gcc