Last updated on 2023-03-24 05:52:18 CET.
Flavor | Version | Tinstall | Tcheck | Ttotal | Status | Flags |
---|---|---|---|---|---|---|
r-devel-linux-x86_64-debian-clang | 1.6.64 | 54.31 | 174.02 | 228.33 | NOTE | |
r-devel-linux-x86_64-debian-gcc | 1.6.64 | 48.85 | 124.92 | 173.77 | NOTE | |
r-devel-linux-x86_64-fedora-clang | 1.6.64 | 320.29 | NOTE | |||
r-devel-linux-x86_64-fedora-gcc | 1.6.64 | 300.04 | NOTE | |||
r-devel-windows-x86_64 | 1.6.64 | 110.00 | 210.00 | 320.00 | NOTE | |
r-patched-linux-x86_64 | 1.6.64 | 57.89 | 155.80 | 213.69 | NOTE | |
r-release-linux-x86_64 | 1.6.64 | 48.06 | 159.65 | 207.71 | NOTE | |
r-release-macos-arm64 | 1.6.64 | 60.00 | NOTE | |||
r-release-macos-x86_64 | 1.6.64 | 86.00 | NOTE | |||
r-release-windows-x86_64 | 1.6.64 | 101.00 | 194.00 | 295.00 | NOTE | |
r-oldrel-macos-arm64 | 1.6.64 | 74.00 | NOTE | |||
r-oldrel-macos-x86_64 | 1.6.64 | 95.00 | NOTE | |||
r-oldrel-windows-ix86+x86_64 | 1.6.64 | 83.00 | 194.00 | 277.00 | NOTE |
Version: 1.6.64
Check: package dependencies
Result: NOTE
Package suggested but not available for checking: ‘alstructure’
Packages which this enhances but not available for checking:
'miraculix', 'RandomFieldsUtils', 'MoBPSmaps'
Flavors: r-devel-linux-x86_64-debian-clang, r-devel-linux-x86_64-debian-gcc, r-devel-linux-x86_64-fedora-clang, r-devel-linux-x86_64-fedora-gcc, r-patched-linux-x86_64, r-release-linux-x86_64
Version: 1.6.64
Check: package dependencies
Result: NOTE
Package suggested but not available for checking: 'alstructure'
Packages which this enhances but not available for checking:
'miraculix', 'MoBPSmaps'
Flavors: r-devel-windows-x86_64, r-release-windows-x86_64
Version: 1.6.64
Check: package dependencies
Result: NOTE
Packages suggested but not available for checking:
'doMPI', 'biomaRt', 'alstructure'
Package which this enhances but not available for checking: ‘MoBPSmaps’
Flavor: r-release-macos-arm64
Version: 1.6.64
Check: package dependencies
Result: NOTE
Packages suggested but not available for checking: 'doMPI', 'alstructure'
Packages which this enhances but not available for checking:
'miraculix', 'MoBPSmaps'
Flavor: r-release-macos-x86_64
Version: 1.6.64
Check: package dependencies
Result: NOTE
Packages suggested but not available for checking: 'doMPI', 'alstructure'
Package which this enhances but not available for checking: ‘MoBPSmaps’
Flavors: r-oldrel-macos-arm64, r-oldrel-macos-x86_64
Version: 1.6.64
Check: package dependencies
Result: NOTE
Package suggested but not available for checking: 'alstructure'
Package which this enhances but not available for checking: 'MoBPSmaps'
Flavor: r-oldrel-windows-ix86+x86_64