CRAN Package Check Results for Package Morpho

Last updated on 2021-02-25 06:47:07 CET.

Flavor Version Tinstall Tcheck Ttotal Status Flags
r-devel-linux-x86_64-debian-clang 2.8 276.30 180.40 456.70 OK
r-devel-linux-x86_64-debian-gcc 2.8 184.03 138.80 322.83 OK
r-devel-linux-x86_64-fedora-clang 2.8 659.60 NOTE
r-devel-linux-x86_64-fedora-gcc 2.8 557.69 OK
r-devel-windows-ix86+x86_64 2.8 454.00 254.00 708.00 NOTE
r-patched-linux-x86_64 2.8 222.16 168.22 390.38 OK
r-patched-solaris-x86 2.8 580.10 OK
r-release-linux-x86_64 2.8 218.41 168.46 386.87 OK
r-release-macos-x86_64 2.8 NOTE
r-release-windows-ix86+x86_64 2.8 633.00 346.00 979.00 NOTE
r-oldrel-macos-x86_64 2.8 WARN
r-oldrel-windows-ix86+x86_64 2.8 419.00 250.00 669.00 NOTE

Check Details

Version: 2.8
Check: installed package size
Result: NOTE
     installed size is 13.1Mb
     sub-directories of 1Mb or more:
     data 2.0Mb
     libs 9.5Mb
Flavors: r-devel-linux-x86_64-fedora-clang, r-devel-windows-ix86+x86_64, r-release-macos-x86_64, r-release-windows-ix86+x86_64, r-oldrel-macos-x86_64, r-oldrel-windows-ix86+x86_64

Version: 2.8
Check: whether package can be installed
Result: WARN
    Found the following significant warnings:
     Warning: 'rgl.init' failed, running with 'rgl.useNULL = TRUE'.
Flavor: r-oldrel-macos-x86_64