CRAN Package Check Results for Package MplusAutomation

Last updated on 2024-06-13 06:58:09 CEST.

Flavor Version Tinstall Tcheck Ttotal Status Flags
r-devel-linux-x86_64-debian-clang 1.1.1 50.84 157.59 208.43 OK
r-devel-linux-x86_64-debian-gcc 1.1.1 0.69 1.89 2.58 ERROR
r-devel-linux-x86_64-fedora-clang 1.1.1 264.23 OK
r-devel-linux-x86_64-fedora-gcc 1.1.1 270.48 OK
r-devel-windows-x86_64 1.1.1 39.00 152.00 191.00 OK
r-patched-linux-x86_64 1.1.1 54.29 153.78 208.07 OK
r-release-linux-x86_64 1.1.1 55.93 148.39 204.32 OK
r-release-macos-arm64 1.1.1 77.00 OK
r-release-macos-x86_64 1.1.1 118.00 OK
r-release-windows-x86_64 1.1.1 39.00 157.00 196.00 OK
r-oldrel-macos-arm64 1.1.1 78.00 NOTE
r-oldrel-macos-x86_64 1.1.1 170.00 NOTE
r-oldrel-windows-x86_64 1.1.1 53.00 185.00 238.00 OK

Check Details

Version: 1.1.1
Check: package dependencies
Result: ERROR Packages required but not available: 'ggplot2', 'fastDummies' Package suggested but not available for checking: ‘testthat’ See section ‘The DESCRIPTION file’ in the ‘Writing R Extensions’ manual. Flavor: r-devel-linux-x86_64-debian-gcc

Version: 1.1.1
Check: package dependencies
Result: NOTE Package suggested but not available for checking: ‘rhdf5’ Flavors: r-oldrel-macos-arm64, r-oldrel-macos-x86_64