Last updated on 2023-02-02 06:54:59 CET.
Flavor | Version | Tinstall | Tcheck | Ttotal | Status | Flags |
---|---|---|---|---|---|---|
r-devel-linux-x86_64-debian-clang | 1.47.1 | 15.58 | 188.17 | 203.75 | OK | |
r-devel-linux-x86_64-debian-gcc | 1.47.1 | 17.17 | 139.39 | 156.56 | OK | |
r-devel-linux-x86_64-fedora-clang | 1.47.1 | 254.01 | NOTE | |||
r-devel-linux-x86_64-fedora-gcc | 1.47.1 | 257.28 | OK | |||
r-patched-linux-x86_64 | 1.47.1 | 19.58 | 171.15 | 190.73 | OK | |
r-release-linux-x86_64 | 1.47.1 | 21.98 | 178.70 | 200.68 | OK | |
r-release-macos-arm64 | 1.47.1 | 65.00 | OK | |||
r-release-macos-x86_64 | 1.47.1 | 99.00 | OK | |||
r-release-windows-x86_64 | 1.47.1 | 89.00 | 244.00 | 333.00 | OK | |
r-oldrel-macos-arm64 | 1.46.0 | 69.00 | OK | |||
r-oldrel-macos-x86_64 | 1.46.0 | 95.00 | OK | |||
r-oldrel-windows-ix86+x86_64 | 1.46.0 | 34.00 | 209.00 | 243.00 | OK |
Version: 1.47.1
Check: Rd cross-references
Result: NOTE
Undeclared packages ‘AICcmodavg’, ‘bbmle’, ‘glmulti’, ‘arm’, ‘performance’, ‘wgeesel’, ‘ape’, ‘bestglm’, ‘leaps’, ‘glmmTMB’, ‘brglm’, ‘quantreg’, ‘maxlike’, ‘RMark’ in Rd xrefs
Flavor: r-devel-linux-x86_64-fedora-clang