Last updated on 2022-06-26 06:50:42 CEST.
Flavor | Version | Tinstall | Tcheck | Ttotal | Status | Flags |
---|---|---|---|---|---|---|
r-devel-linux-x86_64-debian-clang | 0.1-2 | 56.97 | 52.17 | 109.14 | OK | |
r-devel-linux-x86_64-debian-gcc | 0.1-2 | 40.02 | 35.53 | 75.55 | OK | |
r-devel-linux-x86_64-fedora-clang | 0.1-2 | 157.62 | OK | |||
r-devel-linux-x86_64-fedora-gcc | 0.1-2 | 129.72 | OK | |||
r-devel-windows-x86_64 | 0.1-2 | 48.00 | 86.00 | 134.00 | OK | |
r-patched-linux-x86_64 | 0.1-2 | 41.18 | 45.94 | 87.12 | OK | |
r-release-linux-x86_64 | 0.1-2 | 44.78 | 46.60 | 91.38 | OK | |
r-release-macos-arm64 | 0.1-2 | 35.00 | OK | |||
r-release-macos-x86_64 | 0.1-2 | 46.00 | OK | |||
r-release-windows-x86_64 | 0.1-2 | 48.00 | 86.00 | 134.00 | OK | |
r-oldrel-macos-arm64 | 0.1-2 | 41.00 | NOTE | |||
r-oldrel-macos-x86_64 | 0.1-2 | 64.00 | OK | |||
r-oldrel-windows-ix86+x86_64 | 0.1-2 | 111.00 | 93.00 | 204.00 | OK |
Version: 0.1-2
Check: installed package size
Result: NOTE
installed size is 5.6Mb
sub-directories of 1Mb or more:
libs 5.5Mb
Flavor: r-oldrel-macos-arm64