Last updated on 2022-07-04 06:51:29 CEST.
Flavor | Version | Tinstall | Tcheck | Ttotal | Status | Flags |
---|---|---|---|---|---|---|
r-devel-linux-x86_64-debian-clang | 1.0.1 | 96.25 | 69.33 | 165.58 | NOTE | |
r-devel-linux-x86_64-debian-gcc | 1.0.1 | 72.46 | 53.03 | 125.49 | NOTE | |
r-devel-windows-x86_64 | 1.0.1 | 81.00 | 115.00 | 196.00 | NOTE | |
r-patched-linux-x86_64 | 1.0.1 | 82.76 | 65.83 | 148.59 | NOTE | |
r-release-linux-x86_64 | 1.0.1 | 80.27 | 67.10 | 147.37 | NOTE | |
r-release-macos-arm64 | 1.0.1 | 58.00 | NOTE | |||
r-release-macos-x86_64 | 1.0.1 | 75.00 | NOTE | |||
r-release-windows-x86_64 | 1.0.1 | 79.00 | 114.00 | 193.00 | NOTE | |
r-oldrel-macos-arm64 | 1.0.1 | 43.00 | NOTE | |||
r-oldrel-macos-x86_64 | 1.0.1 | 74.00 | NOTE | |||
r-oldrel-windows-ix86+x86_64 | 1.0.1 | 225.00 | 130.00 | 355.00 | NOTE |
Version: 1.0.1
Check: for GNU extensions in Makefiles
Result: NOTE
GNU make is a SystemRequirements.
Flavors: r-devel-linux-x86_64-debian-clang, r-devel-linux-x86_64-debian-gcc, r-devel-windows-x86_64, r-patched-linux-x86_64, r-release-linux-x86_64, r-release-macos-arm64, r-release-macos-x86_64, r-release-windows-x86_64, r-oldrel-macos-arm64, r-oldrel-macos-x86_64, r-oldrel-windows-ix86+x86_64
Version: 1.0.1
Check: installed package size
Result: NOTE
installed size is 5.9Mb
sub-directories of 1Mb or more:
libs 5.8Mb
Flavors: r-release-macos-arm64, r-release-macos-x86_64, r-oldrel-macos-arm64, r-oldrel-macos-x86_64