CRAN Package Check Results for Package NBAloveR

Last updated on 2024-04-20 06:58:48 CEST.

Flavor Version Tinstall Tcheck Ttotal Status Flags
r-devel-linux-x86_64-debian-clang 0.1.3.3 1.84 30.10 31.94 OK
r-devel-linux-x86_64-debian-gcc 0.1.3.3 1.83 23.15 24.98 OK
r-devel-linux-x86_64-fedora-clang 0.1.3.3 42.29 NOTE
r-devel-linux-x86_64-fedora-gcc 0.1.3.3 55.34 NOTE
r-prerel-macos-arm64 0.1.3.3 32.00 OK
r-prerel-windows-x86_64 0.1.3.3 4.00 47.00 51.00 OK
r-patched-linux-x86_64 0.1.3.3 2.90 29.26 32.16 OK
r-release-linux-x86_64 0.1.3.3 2.00 27.54 29.54 OK
r-release-macos-arm64 0.1.3.3 24.00 OK
r-release-macos-x86_64 0.1.3.3 35.00 OK
r-release-windows-x86_64 0.1.3.3 5.00 48.00 53.00 OK
r-oldrel-macos-arm64 0.1.3.3 16.00 NOTE
r-oldrel-windows-x86_64 0.1.3.3 5.00 52.00 57.00 OK

Check Details

Version: 0.1.3.3
Check: data for non-ASCII characters
Result: NOTE Note: found 140 marked UTF-8 strings Flavors: r-devel-linux-x86_64-fedora-clang, r-devel-linux-x86_64-fedora-gcc, r-oldrel-macos-arm64