CRAN Package Check Results for Package NBShiny3

Last updated on 2021-01-19 06:51:10 CET.

Flavor Version Tinstall Tcheck Ttotal Status Flags
r-devel-linux-x86_64-debian-clang 0.1.0 2.13 19.66 21.79 OK
r-devel-linux-x86_64-debian-gcc 0.1.0 1.68 15.81 17.49 OK
r-devel-linux-x86_64-fedora-clang 0.1.0 36.27 NOTE
r-devel-linux-x86_64-fedora-gcc 0.1.0 26.32 NOTE
r-devel-windows-ix86+x86_64 0.1.0 6.00 26.00 32.00 OK
r-patched-linux-x86_64 0.1.0 2.08 18.99 21.07 OK
r-patched-solaris-x86 0.1.0 42.10 NOTE
r-release-linux-x86_64 0.1.0 2.09 19.43 21.52 OK
r-release-macos-x86_64 0.1.0 NOTE
r-release-windows-ix86+x86_64 0.1.0 6.00 26.00 32.00 OK
r-oldrel-macos-x86_64 0.1.0 ERROR

Check Details

Version: 0.1.0
Check: dependencies in R code
Result: NOTE
    Namespaces in Imports field not imported from:
     ‘caret’ ‘datasets’ ‘dplyr’ ‘e1071’ ‘rhandsontable’ ‘shiny’
     All declared Imports should be used.
Flavors: r-devel-linux-x86_64-fedora-clang, r-devel-linux-x86_64-fedora-gcc, r-patched-solaris-x86, r-release-macos-x86_64

Version: 0.1.0
Check: whether package can be installed
Result: ERROR
    Installation failed.
Flavor: r-oldrel-macos-x86_64