CRAN Package Check Results for Package NFWdist

Last updated on 2024-07-16 07:01:45 CEST.

Flavor Version Tinstall Tcheck Ttotal Status Flags
r-devel-linux-x86_64-debian-clang 0.1.0 1.91 25.71 27.62 NOTE
r-devel-linux-x86_64-debian-gcc 0.1.0 1.73 19.88 21.61 NOTE
r-devel-linux-x86_64-fedora-clang 0.1.0 36.96 NOTE
r-devel-linux-x86_64-fedora-gcc 0.1.0 52.87 NOTE
r-devel-windows-x86_64 0.1.0 2.00 41.00 43.00 NOTE
r-patched-linux-x86_64 0.1.0 1.83 25.23 27.06 NOTE
r-release-linux-x86_64 0.1.0 2.04 24.65 26.69 NOTE
r-release-macos-arm64 0.1.0 23.00 NOTE
r-release-macos-x86_64 0.1.0 39.00 NOTE
r-release-windows-x86_64 0.1.0 2.00 42.00 44.00 NOTE
r-oldrel-macos-arm64 0.1.0 23.00 NOTE
r-oldrel-macos-x86_64 0.1.0 34.00 NOTE
r-oldrel-windows-x86_64 0.1.0 3.00 42.00 45.00 NOTE

Check Details

Version: 0.1.0
Check: LazyData
Result: NOTE 'LazyData' is specified without a 'data' directory Flavors: r-devel-linux-x86_64-debian-clang, r-devel-linux-x86_64-debian-gcc, r-devel-linux-x86_64-fedora-clang, r-devel-linux-x86_64-fedora-gcc, r-devel-windows-x86_64, r-patched-linux-x86_64, r-release-linux-x86_64, r-release-macos-arm64, r-release-macos-x86_64, r-release-windows-x86_64, r-oldrel-macos-arm64, r-oldrel-macos-x86_64, r-oldrel-windows-x86_64