CRAN Package Check Results for Package NFWdist

Last updated on 2022-08-15 06:49:13 CEST.

Flavor Version Tinstall Tcheck Ttotal Status Flags
r-devel-linux-x86_64-debian-clang 0.1.0 2.14 27.31 29.45 NOTE
r-devel-linux-x86_64-debian-gcc 0.1.0 1.55 21.76 23.31 NOTE
r-devel-linux-x86_64-fedora-clang 0.1.0 47.35 NOTE
r-devel-linux-x86_64-fedora-gcc 0.1.0 48.61 NOTE
r-devel-windows-x86_64 0.1.0 10.00 52.00 62.00 NOTE
r-patched-linux-x86_64 0.1.0 1.88 27.86 29.74 NOTE
r-release-linux-x86_64 0.1.0 2.03 27.27 29.30 NOTE
r-release-macos-arm64 0.1.0 20.00 NOTE
r-release-macos-x86_64 0.1.0 23.00 NOTE
r-release-windows-x86_64 0.1.0 10.00 53.00 63.00 NOTE
r-oldrel-macos-arm64 0.1.0 20.00 NOTE
r-oldrel-macos-x86_64 0.1.0 30.00 NOTE
r-oldrel-windows-ix86+x86_64 0.1.0 5.00 41.00 46.00 NOTE

Check Details

Version: 0.1.0
Check: LazyData
Result: NOTE
     'LazyData' is specified without a 'data' directory
Flavors: r-devel-linux-x86_64-debian-clang, r-devel-linux-x86_64-debian-gcc, r-devel-linux-x86_64-fedora-clang, r-devel-linux-x86_64-fedora-gcc, r-devel-windows-x86_64, r-patched-linux-x86_64, r-release-linux-x86_64, r-release-macos-arm64, r-release-macos-x86_64, r-release-windows-x86_64, r-oldrel-macos-arm64, r-oldrel-macos-x86_64, r-oldrel-windows-ix86+x86_64