CRAN Package Check Results for Package NGSSEML

Last updated on 2022-01-25 06:48:42 CET.

Flavor Version Tinstall Tcheck Ttotal Status Flags
r-devel-linux-x86_64-debian-clang 2.2 22.88 142.99 165.87 OK
r-devel-linux-x86_64-debian-gcc 2.2 20.30 115.79 136.09 OK
r-devel-linux-x86_64-fedora-clang 2.2 201.90 OK
r-devel-linux-x86_64-fedora-gcc 2.2 194.03 OK
r-devel-windows-x86_64-new-UL 2.2 41.00 156.00 197.00 OK
r-devel-windows-x86_64-new-TK 2.2 ERROR
r-patched-linux-x86_64 2.2 27.11 133.91 161.02 OK
r-release-linux-x86_64 2.2 17.50 134.51 152.01 OK
r-release-macos-arm64 2.2 OK
r-release-macos-x86_64 2.2 OK
r-release-windows-ix86+x86_64 2.2 48.00 162.00 210.00 OK
r-oldrel-macos-x86_64 2.2 OK
r-oldrel-windows-ix86+x86_64 2.2 45.00 154.00 199.00 OK

Check Details

Version: 2.2
Check: package dependencies
Result: ERROR
    Package required but not available: 'car'
    
    See section 'The DESCRIPTION file' in the 'Writing R Extensions'
    manual.
Flavor: r-devel-windows-x86_64-new-TK