CRAN Package Check Results for Package NHSDataDictionaRy

Last updated on 2022-01-23 07:14:07 CET.

Flavor Version Tinstall Tcheck Ttotal Status Flags
r-devel-linux-x86_64-debian-clang 1.2.5 4.60 62.08 66.68 OK
r-devel-linux-x86_64-debian-gcc 1.2.5 3.73 52.75 56.48 OK
r-devel-linux-x86_64-fedora-clang 1.2.5 81.79 NOTE
r-devel-linux-x86_64-fedora-gcc 1.2.5 71.34 NOTE
r-devel-windows-x86_64-new-UL 1.2.5 55.00 91.00 146.00 OK
r-devel-windows-x86_64-new-TK 1.2.5 NOTE
r-patched-linux-x86_64 1.2.5 4.41 57.70 62.11 OK
r-release-linux-x86_64 1.2.5 4.27 57.67 61.94 OK
r-release-macos-arm64 1.2.5 NOTE
r-release-macos-x86_64 1.2.5 NOTE
r-release-windows-ix86+x86_64 1.2.5 12.00 83.00 95.00 OK
r-oldrel-macos-x86_64 1.2.5 NOTE
r-oldrel-windows-ix86+x86_64 1.2.5 12.00 78.00 90.00 OK

Check Details

Version: 1.2.5
Check: dependencies in R code
Result: NOTE
    Namespace in Imports field not imported from: ‘tibble’
     All declared Imports should be used.
Flavors: r-devel-linux-x86_64-fedora-clang, r-devel-linux-x86_64-fedora-gcc, r-devel-windows-x86_64-new-TK, r-release-macos-arm64, r-release-macos-x86_64, r-oldrel-macos-x86_64