Last updated on 2025-01-14 06:56:14 CET.
Flavor | Version | Tinstall | Tcheck | Ttotal | Status | Flags |
---|---|---|---|---|---|---|
r-devel-linux-x86_64-debian-clang | 0.3.0 | 1.85 | 71.02 | 72.87 | OK | |
r-devel-linux-x86_64-debian-gcc | 0.3.0 | 1.39 | 48.92 | 50.31 | OK | |
r-devel-linux-x86_64-fedora-clang | 0.3.0 | 119.83 | NOTE | |||
r-devel-linux-x86_64-fedora-gcc | 0.3.0 | 129.23 | NOTE | |||
r-devel-windows-x86_64 | 0.3.0 | 3.00 | 92.00 | 95.00 | OK | |
r-patched-linux-x86_64 | 0.3.0 | 1.79 | 67.02 | 68.81 | OK | |
r-release-linux-x86_64 | 0.3.0 | 1.33 | 67.51 | 68.84 | OK | |
r-release-macos-arm64 | 0.3.0 | 43.00 | OK | |||
r-release-macos-x86_64 | 0.3.0 | 66.00 | OK | |||
r-release-windows-x86_64 | 0.3.0 | 3.00 | 91.00 | 94.00 | OK | |
r-oldrel-macos-arm64 | 0.3.0 | 48.00 | OK | |||
r-oldrel-macos-x86_64 | 0.3.0 | 69.00 | OK | |||
r-oldrel-windows-x86_64 | 0.3.0 | 4.00 | 103.00 | 107.00 | OK |
Version: 0.3.0
Check: dependencies in R code
Result: NOTE
Namespace in Imports field not imported from: ‘tibble’
All declared Imports should be used.
Flavors: r-devel-linux-x86_64-fedora-clang, r-devel-linux-x86_64-fedora-gcc