CRAN Package Check Results for Package NISTunits

Last updated on 2020-09-20 06:48:25 CEST.

Flavor Version Tinstall Tcheck Ttotal Status Flags
r-devel-linux-x86_64-debian-clang 1.0.1 12.39 89.90 102.29 NOTE
r-devel-linux-x86_64-debian-gcc 1.0.1 10.61 71.28 81.89 NOTE
r-devel-linux-x86_64-fedora-clang 1.0.1 131.52 NOTE
r-devel-linux-x86_64-fedora-gcc 1.0.1 124.36 NOTE
r-devel-windows-ix86+x86_64 1.0.1 24.00 162.00 186.00 NOTE
r-patched-linux-x86_64 1.0.1 10.88 90.04 100.92 NOTE
r-patched-solaris-x86 1.0.1 144.10 NOTE
r-release-linux-x86_64 1.0.1 11.07 89.98 101.05 NOTE
r-release-macos-x86_64 1.0.1 NOTE
r-release-windows-ix86+x86_64 1.0.1 27.00 156.00 183.00 NOTE
r-oldrel-macos-x86_64 1.0.1 NOTE
r-oldrel-windows-ix86+x86_64 1.0.1 28.00 202.00 230.00 NOTE

Check Details

Version: 1.0.1
Check: DESCRIPTION meta-information
Result: NOTE
    Malformed Description field: should contain one or more complete sentences.
Flavors: r-devel-linux-x86_64-debian-clang, r-devel-linux-x86_64-debian-gcc, r-devel-linux-x86_64-fedora-clang, r-devel-linux-x86_64-fedora-gcc, r-devel-windows-ix86+x86_64, r-patched-linux-x86_64, r-patched-solaris-x86, r-release-linux-x86_64, r-release-macos-x86_64, r-release-windows-ix86+x86_64, r-oldrel-macos-x86_64, r-oldrel-windows-ix86+x86_64

Version: 1.0.1
Check: data for non-ASCII characters
Result: NOTE
     Note: found 170 marked UTF-8 strings
Flavors: r-devel-linux-x86_64-fedora-clang, r-devel-linux-x86_64-fedora-gcc, r-patched-solaris-x86, r-release-macos-x86_64, r-oldrel-macos-x86_64