CRAN Package Check Results for Package NORMA

Last updated on 2022-06-29 06:53:32 CEST.

Flavor Version Tinstall Tcheck Ttotal Status Flags
r-devel-linux-x86_64-debian-clang 0.1 2.40 22.73 25.13 NOTE
r-devel-linux-x86_64-debian-gcc 0.1 1.81 17.84 19.65 NOTE
r-devel-linux-x86_64-fedora-clang 0.1 41.65 NOTE
r-devel-linux-x86_64-fedora-gcc 0.1 40.86 NOTE
r-devel-windows-x86_64 0.1 12.00 47.00 59.00 NOTE
r-patched-linux-x86_64 0.1 3.49 22.71 26.20 NOTE
r-release-linux-x86_64 0.1 1.62 22.50 24.12 NOTE
r-release-macos-arm64 0.1 15.00 NOTE
r-release-macos-x86_64 0.1 20.00 NOTE
r-release-windows-x86_64 0.1 5.00 48.00 53.00 NOTE
r-oldrel-macos-arm64 0.1 19.00 NOTE
r-oldrel-macos-x86_64 0.1 24.00 NOTE
r-oldrel-windows-ix86+x86_64 0.1 5.00 36.00 41.00 NOTE

Check Details

Version: 0.1
Check: LazyData
Result: NOTE
     'LazyData' is specified without a 'data' directory
Flavors: r-devel-linux-x86_64-debian-clang, r-devel-linux-x86_64-debian-gcc, r-devel-linux-x86_64-fedora-clang, r-devel-linux-x86_64-fedora-gcc, r-devel-windows-x86_64, r-patched-linux-x86_64, r-release-linux-x86_64, r-release-macos-arm64, r-release-macos-x86_64, r-release-windows-x86_64, r-oldrel-macos-arm64, r-oldrel-macos-x86_64, r-oldrel-windows-ix86+x86_64