CRAN Package Check Results for Package NSAE

Last updated on 2024-06-18 07:04:00 CEST.

Flavor Version Tinstall Tcheck Ttotal Status Flags
r-devel-linux-x86_64-debian-clang 0.4.0 16.17 119.55 135.72 NOTE
r-devel-linux-x86_64-debian-gcc 0.4.0 10.14 89.15 99.29 NOTE
r-devel-linux-x86_64-fedora-clang 0.4.0 160.78 NOTE
r-devel-linux-x86_64-fedora-gcc 0.4.0 155.19 NOTE
r-devel-windows-x86_64 0.4.0 12.00 114.00 126.00 NOTE
r-patched-linux-x86_64 0.4.0 10.61 116.64 127.25 NOTE
r-release-linux-x86_64 0.4.0 13.78 113.82 127.60 NOTE
r-release-macos-arm64 0.4.0 45.00 NOTE
r-release-macos-x86_64 0.4.0 69.00 NOTE
r-release-windows-x86_64 0.4.0 11.00 104.00 115.00 NOTE
r-oldrel-macos-arm64 0.4.0 49.00 OK
r-oldrel-macos-x86_64 0.4.0 85.00 OK
r-oldrel-windows-x86_64 0.4.0 14.00 127.00 141.00 OK

Check Details

Version: 0.4.0
Check: Rd files
Result: NOTE checkRd: (-1) NSAE.Rd:14: Lost braces; missing escapes or markup? 14 | {Maintainer}: Saurav Guha \email{saurav.iasri@gmail.com} | ^ Flavors: r-devel-linux-x86_64-debian-clang, r-devel-linux-x86_64-debian-gcc, r-devel-linux-x86_64-fedora-clang, r-devel-linux-x86_64-fedora-gcc, r-devel-windows-x86_64, r-patched-linux-x86_64, r-release-linux-x86_64, r-release-macos-arm64, r-release-macos-x86_64, r-release-windows-x86_64